Last updated on 2023-06-05 11:56:43 CEST.
Flavor | Version | Tinstall | Tcheck | Ttotal | Status | Flags |
---|---|---|---|---|---|---|
r-devel-linux-x86_64-debian-clang | 3.1-4 | 14.05 | 187.41 | 201.46 | OK | |
r-devel-linux-x86_64-debian-gcc | 3.1-4 | 12.94 | 140.87 | 153.81 | OK | |
r-devel-linux-x86_64-fedora-clang | 3.1-4 | 251.51 | OK | |||
r-devel-linux-x86_64-fedora-gcc | 3.1-4 | 257.45 | OK | |||
r-devel-windows-x86_64 | 3.1-4 | 13.00 | 195.00 | 208.00 | OK | |
r-patched-linux-x86_64 | 3.1-4 | 15.40 | 178.34 | 193.74 | OK | |
r-release-linux-x86_64 | 3.1-4 | 12.29 | 180.61 | 192.90 | OK | |
r-release-macos-arm64 | 3.1-4 | 86.00 | OK | |||
r-release-macos-x86_64 | 3.1-4 | 136.00 | NOTE | |||
r-release-windows-x86_64 | 3.1-4 | 17.00 | 214.00 | 231.00 | OK | |
r-oldrel-macos-arm64 | 3.1-4 | 78.00 | OK | |||
r-oldrel-macos-x86_64 | 3.1-4 | 97.00 | OK | |||
r-oldrel-windows-x86_64 | 3.1-4 | 18.00 | 211.00 | 229.00 | OK |
Version: 3.1-4
Check: package dependencies
Result: NOTE
Package suggested but not available for checking: ‘car’
Flavor: r-release-macos-x86_64
Version: 3.1-4
Check: re-building of vignette outputs
Result: NOTE
Note: skipping ‘betareg.Rnw’ due to unavailable dependencies: 'car'
Flavor: r-release-macos-x86_64