CRAN Package Check Results for Package bender

Last updated on 2022-07-06 12:53:30 CEST.

Flavor Version Tinstall Tcheck Ttotal Status Flags
r-devel-linux-x86_64-debian-clang 0.1.1 3.10 23.88 26.98 NOTE
r-devel-linux-x86_64-debian-gcc 0.1.1 2.32 18.16 20.48 NOTE
r-devel-linux-x86_64-fedora-clang 0.1.1 42.31 NOTE
r-devel-linux-x86_64-fedora-gcc 0.1.1 41.33 NOTE
r-devel-windows-x86_64 0.1.1 12.00 48.00 60.00 NOTE
r-patched-linux-x86_64 0.1.1 2.66 22.37 25.03 NOTE
r-release-linux-x86_64 0.1.1 2.99 22.74 25.73 NOTE
r-release-macos-arm64 0.1.1 13.00 NOTE
r-release-macos-x86_64 0.1.1 20.00 NOTE
r-release-windows-x86_64 0.1.1 5.00 47.00 52.00 NOTE
r-oldrel-macos-arm64 0.1.1 19.00 NOTE
r-oldrel-macos-x86_64 0.1.1 26.00 NOTE
r-oldrel-windows-ix86+x86_64 0.1.1 7.00 40.00 47.00 NOTE

Check Details

Version: 0.1.1
Check: LazyData
Result: NOTE
     'LazyData' is specified without a 'data' directory
Flavors: r-devel-linux-x86_64-debian-clang, r-devel-linux-x86_64-debian-gcc, r-devel-linux-x86_64-fedora-clang, r-devel-linux-x86_64-fedora-gcc, r-devel-windows-x86_64, r-patched-linux-x86_64, r-release-linux-x86_64, r-release-macos-arm64, r-release-macos-x86_64, r-release-windows-x86_64, r-oldrel-macos-arm64, r-oldrel-macos-x86_64, r-oldrel-windows-ix86+x86_64