Last updated on 2022-07-01 11:51:55 CEST.
Flavor | Version | Tinstall | Tcheck | Ttotal | Status | Flags |
---|---|---|---|---|---|---|
r-devel-linux-x86_64-debian-clang | 0.2.5 | 25.92 | 43.17 | 69.09 | NOTE | |
r-devel-linux-x86_64-debian-gcc | 0.2.5 | 20.56 | 31.79 | 52.35 | NOTE | |
r-devel-linux-x86_64-fedora-clang | 0.2.5 | 103.58 | NOTE | |||
r-devel-linux-x86_64-fedora-gcc | 0.2.5 | 94.97 | NOTE | |||
r-devel-windows-x86_64 | 0.2.5 | 35.00 | 90.00 | 125.00 | NOTE | |
r-patched-linux-x86_64 | 0.2.5 | 22.83 | 39.33 | 62.16 | NOTE | |
r-release-linux-x86_64 | 0.2.5 | 19.83 | 39.43 | 59.26 | NOTE | |
r-release-macos-arm64 | 0.2.5 | 29.00 | NOTE | |||
r-release-macos-x86_64 | 0.2.5 | 49.00 | NOTE | |||
r-release-windows-x86_64 | 0.2.5 | 39.00 | 89.00 | 128.00 | NOTE | |
r-oldrel-macos-arm64 | 0.2.5 | 33.00 | NOTE | |||
r-oldrel-macos-x86_64 | 0.2.5 | 70.00 | NOTE | |||
r-oldrel-windows-ix86+x86_64 | 0.2.5 | 65.00 | 127.00 | 192.00 | NOTE |
Version: 0.2.5
Check: LazyData
Result: NOTE
'LazyData' is specified without a 'data' directory
Flavors: r-devel-linux-x86_64-debian-clang, r-devel-linux-x86_64-debian-gcc, r-devel-linux-x86_64-fedora-clang, r-devel-linux-x86_64-fedora-gcc, r-devel-windows-x86_64, r-patched-linux-x86_64, r-release-linux-x86_64, r-release-macos-arm64, r-release-macos-x86_64, r-release-windows-x86_64, r-oldrel-macos-arm64, r-oldrel-macos-x86_64, r-oldrel-windows-ix86+x86_64