CRAN Package Check Results for Package bellreg

Last updated on 2022-06-24 11:52:02 CEST.

Flavor Version Tinstall Tcheck Ttotal Status Flags
r-devel-linux-x86_64-debian-clang 0.0.1 228.70 115.39 344.09 NOTE
r-devel-linux-x86_64-debian-gcc 0.0.1 206.24 94.91 301.15 NOTE
r-devel-linux-x86_64-fedora-clang 0.0.1 499.65 NOTE
r-devel-linux-x86_64-fedora-gcc 0.0.1 524.69 NOTE
r-devel-windows-x86_64 0.0.1 169.00 177.00 346.00 NOTE
r-patched-linux-x86_64 0.0.1 196.34 120.67 317.01 NOTE
r-release-linux-x86_64 0.0.1 175.83 120.87 296.70 NOTE
r-release-macos-arm64 0.0.1 130.00 NOTE
r-release-macos-x86_64 0.0.1 230.00 NOTE
r-release-windows-x86_64 0.0.1 179.00 183.00 362.00 NOTE
r-oldrel-macos-arm64 0.0.1 148.00 NOTE
r-oldrel-macos-x86_64 0.0.1 264.00 NOTE
r-oldrel-windows-ix86+x86_64 0.0.1 540.00 233.00 773.00 NOTE

Check Details

Version: 0.0.1
Check: for GNU extensions in Makefiles
Result: NOTE
    GNU make is a SystemRequirements.
Flavors: r-devel-linux-x86_64-debian-clang, r-devel-linux-x86_64-debian-gcc, r-devel-linux-x86_64-fedora-clang, r-devel-linux-x86_64-fedora-gcc, r-devel-windows-x86_64, r-patched-linux-x86_64, r-release-linux-x86_64, r-release-macos-arm64, r-release-macos-x86_64, r-release-windows-x86_64, r-oldrel-macos-arm64, r-oldrel-macos-x86_64, r-oldrel-windows-ix86+x86_64

Version: 0.0.1
Check: installed package size
Result: NOTE
     installed size is 31.2Mb
     sub-directories of 1Mb or more:
     libs 30.9Mb
Flavors: r-devel-linux-x86_64-fedora-clang, r-release-macos-arm64, r-release-macos-x86_64, r-oldrel-macos-arm64, r-oldrel-macos-x86_64, r-oldrel-windows-ix86+x86_64

Version: 0.0.1
Check: dependencies in R code
Result: NOTE
    Namespace in Imports field not imported from: ‘rstantools’
     All declared Imports should be used.
Flavors: r-devel-linux-x86_64-fedora-clang, r-devel-linux-x86_64-fedora-gcc, r-release-macos-arm64, r-release-macos-x86_64, r-oldrel-macos-arm64, r-oldrel-macos-x86_64