Last updated on 2025-04-29 12:52:30 CEST.
Flavor | Version | Tinstall | Tcheck | Ttotal | Status | Flags |
---|---|---|---|---|---|---|
r-devel-linux-x86_64-debian-clang | 1.3 | 2.81 | 25.41 | 28.22 | NOTE | |
r-devel-linux-x86_64-debian-gcc | 1.3 | 2.38 | 19.24 | 21.62 | NOTE | |
r-devel-linux-x86_64-fedora-clang | 1.3 | 43.39 | OK | |||
r-devel-linux-x86_64-fedora-gcc | 1.3 | 43.56 | OK | |||
r-devel-windows-x86_64 | 1.3 | 3.00 | 45.00 | 48.00 | OK | |
r-patched-linux-x86_64 | 1.3 | 3.17 | 24.66 | 27.83 | OK | |
r-release-linux-x86_64 | 1.3 | 2.82 | 24.39 | 27.21 | OK | |
r-release-macos-arm64 | 1.3 | 18.00 | OK | |||
r-release-macos-x86_64 | 1.3 | 56.00 | OK | |||
r-release-windows-x86_64 | 1.3 | 4.00 | 48.00 | 52.00 | OK | |
r-oldrel-macos-arm64 | 1.3 | 22.00 | OK | |||
r-oldrel-macos-x86_64 | 1.3 | 36.00 | OK | |||
r-oldrel-windows-x86_64 | 1.3 | 3.00 | 44.00 | 47.00 | OK |
Version: 1.3
Check: CRAN incoming feasibility
Result: NOTE
Maintainer: ‘Frank Schaarschmidt <schaarschmidt@biostat.uni-hannover.de>’
File 'R/bdpv-internal.R' sets .Random.seed.
This is usually neither needed nor wanted.
Flavors: r-devel-linux-x86_64-debian-clang, r-devel-linux-x86_64-debian-gcc