Last updated on 2023-12-09 11:49:18 CET.
Flavor | Version | Tinstall | Tcheck | Ttotal | Status | Flags |
---|---|---|---|---|---|---|
r-devel-linux-x86_64-debian-clang | 0.1.7 | 11.79 | 102.43 | 114.22 | OK | |
r-devel-linux-x86_64-debian-gcc | 0.1.7 | 9.19 | 75.39 | 84.58 | OK | |
r-devel-linux-x86_64-fedora-clang | 0.1.7 | 138.90 | NOTE | |||
r-devel-linux-x86_64-fedora-gcc | 0.1.7 | 136.43 | NOTE | |||
r-devel-windows-x86_64 | 0.1.7 | 14.00 | 94.00 | 108.00 | OK | |
r-patched-linux-x86_64 | 0.1.7 | 15.26 | 97.75 | 113.01 | OK | |
r-release-linux-x86_64 | 0.1.7 | 9.15 | 96.38 | 105.53 | OK | |
r-release-macos-arm64 | 0.1.7 | 43.00 | OK | |||
r-release-macos-x86_64 | 0.1.7 | 69.00 | OK | |||
r-release-windows-x86_64 | 0.1.7 | 16.00 | 114.00 | 130.00 | OK | |
r-oldrel-macos-arm64 | 0.1.7 | 44.00 | NOTE | |||
r-oldrel-macos-x86_64 | 0.1.7 | 77.00 | NOTE | |||
r-oldrel-windows-x86_64 | 0.1.7 | 18.00 | 113.00 | 131.00 | OK |
Version: 0.1.7
Check: data for non-ASCII characters
Result: NOTE
Note: found 72 marked UTF-8 strings
Flavors: r-devel-linux-x86_64-fedora-clang, r-devel-linux-x86_64-fedora-gcc, r-oldrel-macos-arm64, r-oldrel-macos-x86_64