Last updated on 2022-06-30 11:53:02 CEST.
Flavor | Version | Tinstall | Tcheck | Ttotal | Status | Flags |
---|---|---|---|---|---|---|
r-devel-linux-x86_64-debian-clang | 0.5.4 | 8.89 | 68.12 | 77.01 | OK | |
r-devel-linux-x86_64-debian-gcc | 0.5.4 | 7.48 | 50.65 | 58.13 | OK | |
r-devel-linux-x86_64-fedora-clang | 0.5.4 | 102.10 | NOTE | |||
r-devel-linux-x86_64-fedora-gcc | 0.5.4 | 100.63 | NOTE | |||
r-devel-windows-x86_64 | 0.5.4 | 20.00 | 92.00 | 112.00 | NOTE | |
r-patched-linux-x86_64 | 0.5.4 | 8.32 | 64.83 | 73.15 | OK | |
r-release-linux-x86_64 | 0.5.4 | 7.32 | 63.48 | 70.80 | OK | |
r-release-macos-arm64 | 0.5.4 | 28.00 | NOTE | |||
r-release-macos-x86_64 | 0.5.4 | 55.00 | NOTE | |||
r-release-windows-x86_64 | 0.5.4 | 17.00 | 90.00 | 107.00 | NOTE | |
r-oldrel-macos-arm64 | 0.5.4 | 38.00 | NOTE | |||
r-oldrel-macos-x86_64 | 0.5.4 | 58.00 | NOTE | |||
r-oldrel-windows-ix86+x86_64 | 0.5.4 | 20.00 | 91.00 | 111.00 | OK |
Version: 0.5.4
Check: dependencies in R code
Result: NOTE
Namespaces in Imports field not imported from:
‘knitr’ ‘rlang’
All declared Imports should be used.
Flavors: r-devel-linux-x86_64-fedora-clang, r-devel-linux-x86_64-fedora-gcc, r-release-macos-arm64, r-release-macos-x86_64, r-oldrel-macos-arm64, r-oldrel-macos-x86_64
Version: 0.5.4
Check: package dependencies
Result: NOTE
Package suggested but not available for checking: 'BRugs'
Flavors: r-devel-windows-x86_64, r-release-macos-arm64, r-release-windows-x86_64, r-oldrel-macos-x86_64
Version: 0.5.4
Check: package dependencies
Result: NOTE
Packages suggested but not available for checking: 'BRugs', 'rjags'
Flavors: r-release-macos-x86_64, r-oldrel-macos-arm64