CRAN Package Check Results for Package bcp

Last updated on 2022-06-27 11:50:37 CEST.

Flavor Version Tinstall Tcheck Ttotal Status Flags
r-devel-linux-x86_64-debian-clang 4.0.3 108.74 44.12 152.86 OK
r-devel-linux-x86_64-debian-gcc 4.0.3 86.61 32.93 119.54 OK
r-devel-linux-x86_64-fedora-clang 4.0.3 228.26 OK
r-devel-linux-x86_64-fedora-gcc 4.0.3 210.94 OK
r-devel-windows-x86_64 4.0.3 93.00 92.00 185.00 OK
r-patched-linux-x86_64 4.0.3 91.03 42.34 133.37 OK
r-release-linux-x86_64 4.0.3 97.52 42.72 140.24 OK
r-release-macos-arm64 4.0.3 53.00 NOTE
r-release-macos-x86_64 4.0.3 72.00 NOTE
r-release-windows-x86_64 4.0.3 89.00 95.00 184.00 OK
r-oldrel-macos-arm64 4.0.3 61.00 NOTE
r-oldrel-macos-x86_64 4.0.3 99.00 OK
r-oldrel-windows-ix86+x86_64 4.0.3 258.00 103.00 361.00 OK

Check Details

Version: 4.0.3
Check: package dependencies
Result: NOTE
    Package suggested but not available for checking: ‘DNAcopy’
Flavor: r-release-macos-arm64

Version: 4.0.3
Check: installed package size
Result: NOTE
     installed size is 5.4Mb
     sub-directories of 1Mb or more:
     libs 5.1Mb
Flavors: r-release-macos-arm64, r-release-macos-x86_64, r-oldrel-macos-arm64