CRAN Package Check Results for Package bbmix

Last updated on 2024-04-17 10:41:31 CEST.

Flavor Version Tinstall Tcheck Ttotal Status Flags
r-devel-linux-x86_64-debian-clang 1.0.0 170.01 152.13 322.14 NOTE
r-devel-linux-x86_64-debian-gcc 1.0.0 151.51 119.90 271.41 NOTE
r-devel-linux-x86_64-fedora-clang 1.0.0 408.09 NOTE
r-devel-linux-x86_64-fedora-gcc 1.0.0 476.89 NOTE
r-prerel-macos-arm64 1.0.0 97.00 NOTE
r-prerel-windows-x86_64 1.0.0 140.00 137.00 277.00 NOTE
r-patched-linux-x86_64 1.0.0 136.14 158.19 294.33 NOTE
r-release-linux-x86_64 1.0.0 0.02 2.26 2.28 ERROR
r-release-macos-arm64 1.0.0 81.00 NOTE
r-release-macos-x86_64 1.0.0 213.00 NOTE
r-release-windows-x86_64 1.0.0 176.00 169.00 345.00 NOTE
r-oldrel-macos-arm64 1.0.0 78.00 NOTE
r-oldrel-windows-x86_64 1.0.0 160.00 164.00 324.00 NOTE

Check Details

Version: 1.0.0
Check: for GNU extensions in Makefiles
Result: NOTE GNU make is a SystemRequirements. Flavors: r-devel-linux-x86_64-debian-clang, r-devel-linux-x86_64-debian-gcc, r-devel-linux-x86_64-fedora-clang, r-devel-linux-x86_64-fedora-gcc, r-prerel-macos-arm64, r-prerel-windows-x86_64, r-patched-linux-x86_64, r-release-macos-arm64, r-release-macos-x86_64, r-release-windows-x86_64, r-oldrel-macos-arm64, r-oldrel-windows-x86_64

Version: 1.0.0
Check: installed package size
Result: NOTE installed size is 43.7Mb sub-directories of 1Mb or more: libs 43.1Mb Flavors: r-prerel-macos-arm64, r-release-macos-arm64, r-release-macos-x86_64, r-oldrel-macos-arm64

Version: 1.0.0
Check: whether package can be installed
Result: ERROR Installation failed. Flavor: r-release-linux-x86_64