Last updated on 2024-07-17 12:40:19 CEST.
Flavor | Version | Tinstall | Tcheck | Ttotal | Status | Flags |
---|---|---|---|---|---|---|
r-devel-linux-x86_64-debian-clang | 0.3.0 | 172.26 | 32.85 | 205.11 | OK | |
r-devel-linux-x86_64-debian-gcc | 0.3.0 | 120.13 | 23.95 | 144.08 | OK | |
r-devel-linux-x86_64-fedora-clang | 0.3.0 | 304.58 | OK | |||
r-devel-linux-x86_64-fedora-gcc | 0.3.0 | 339.16 | OK | |||
r-devel-windows-x86_64 | 0.3.0 | 132.00 | 66.00 | 198.00 | OK | |
r-patched-linux-x86_64 | 0.3.0 | 137.17 | 29.33 | 166.50 | OK | |
r-release-linux-x86_64 | 0.3.0 | 138.64 | 30.25 | 168.89 | OK | |
r-release-macos-arm64 | 0.3.0 | 55.00 | NOTE | |||
r-release-macos-x86_64 | 0.3.0 | 77.00 | NOTE | |||
r-release-windows-x86_64 | 0.3.0 | 131.00 | 68.00 | 199.00 | OK | |
r-oldrel-macos-arm64 | 0.3.0 | 61.00 | NOTE | |||
r-oldrel-macos-x86_64 | 0.3.0 | 82.00 | NOTE | |||
r-oldrel-windows-x86_64 | 0.3.0 | 159.00 | 75.00 | 234.00 | OK |
Version: 0.3.0
Check: installed package size
Result: NOTE
installed size is 5.4Mb
sub-directories of 1Mb or more:
libs 5.3Mb
Flavors: r-release-macos-arm64, r-release-macos-x86_64, r-oldrel-macos-arm64, r-oldrel-macos-x86_64