Last updated on 2024-03-28 09:51:37 CET.
Flavor | Version | Tinstall | Tcheck | Ttotal | Status | Flags |
---|---|---|---|---|---|---|
r-devel-linux-x86_64-debian-clang | 1.11.1 | 14.97 | 705.65 | 720.62 | OK | |
r-devel-linux-x86_64-debian-gcc | 1.11.1 | 12.85 | 497.99 | 510.84 | OK | |
r-devel-linux-x86_64-fedora-clang | 1.11.1 | 834.53 | NOTE | |||
r-devel-linux-x86_64-fedora-gcc | 1.11.1 | 835.07 | OK | |||
r-devel-windows-x86_64 | 1.11.1 | 14.00 | 438.00 | 452.00 | NOTE | |
r-patched-linux-x86_64 | 1.11.1 | 22.36 | 667.98 | 690.34 | OK | |
r-release-linux-x86_64 | 1.11.1 | 13.56 | 671.74 | 685.30 | OK | |
r-release-macos-arm64 | 1.11.1 | 151.00 | NOTE | |||
r-release-macos-x86_64 | 1.11.1 | 318.00 | NOTE | |||
r-release-windows-x86_64 | 1.11.1 | 21.00 | 612.00 | 633.00 | NOTE | |
r-oldrel-macos-arm64 | 1.11.1 | 137.00 | NOTE | |||
r-oldrel-windows-x86_64 | 1.11.1 | 20.00 | 609.00 | 629.00 | NOTE |
Version: 1.11.1
Check: installed package size
Result: NOTE
installed size is 6.5Mb
sub-directories of 1Mb or more:
R 1.9Mb
doc 3.8Mb
Flavors: r-devel-linux-x86_64-fedora-clang, r-devel-windows-x86_64, r-release-macos-arm64, r-release-macos-x86_64, r-release-windows-x86_64, r-oldrel-macos-arm64, r-oldrel-windows-x86_64