CRAN Package Check Results for Package bayesianETAS

Last updated on 2022-06-30 11:53:02 CEST.

Flavor Version Tinstall Tcheck Ttotal Status Flags
r-devel-linux-x86_64-debian-clang 1.0.3 5.11 22.82 27.93 OK
r-devel-linux-x86_64-debian-gcc 1.0.3 4.35 18.14 22.49 OK
r-devel-linux-x86_64-fedora-clang 1.0.3 47.04 NOTE
r-devel-linux-x86_64-fedora-gcc 1.0.3 45.28 NOTE
r-devel-windows-x86_64 1.0.3 22.00 59.00 81.00 OK
r-patched-linux-x86_64 1.0.3 4.52 22.09 26.61 OK
r-release-linux-x86_64 1.0.3 4.28 22.21 26.49 OK
r-release-macos-arm64 1.0.3 18.00 OK
r-release-macos-x86_64 1.0.3 23.00 OK
r-release-windows-x86_64 1.0.3 9.00 60.00 69.00 OK
r-oldrel-macos-arm64 1.0.3 20.00 OK
r-oldrel-macos-x86_64 1.0.3 29.00 OK
r-oldrel-windows-ix86+x86_64 1.0.3 12.00 49.00 61.00 OK

Check Details

Version: 1.0.3
Check: compiled code
Result: NOTE
    File ‘bayesianETAS/libs/bayesianETAS.so’:
     Found no calls to: ‘R_registerRoutines’, ‘R_useDynamicSymbols’
    
    It is good practice to register native routines and to disable symbol
    search.
    
    See ‘Writing portable packages’ in the ‘Writing R Extensions’ manual.
Flavors: r-devel-linux-x86_64-fedora-clang, r-devel-linux-x86_64-fedora-gcc