Last updated on 2025-02-10 11:49:11 CET.
Flavor | Version | Tinstall | Tcheck | Ttotal | Status | Flags |
---|---|---|---|---|---|---|
r-devel-linux-x86_64-debian-clang | 0.1.0 | 2.25 | 30.57 | 32.82 | NOTE | |
r-devel-linux-x86_64-debian-gcc | 0.1.0 | 1.61 | 22.18 | 23.79 | NOTE | |
r-devel-linux-x86_64-fedora-clang | 0.1.0 | 55.55 | NOTE | |||
r-devel-linux-x86_64-fedora-gcc | 0.1.0 | 49.81 | NOTE | |||
r-devel-windows-x86_64 | 0.1.0 | 3.00 | 61.00 | 64.00 | NOTE | |
r-patched-linux-x86_64 | 0.1.0 | 2.61 | 29.51 | 32.12 | NOTE | |
r-release-linux-x86_64 | 0.1.0 | 1.72 | 29.06 | 30.78 | NOTE | |
r-release-macos-arm64 | 0.1.0 | 23.00 | NOTE | |||
r-release-macos-x86_64 | 0.1.0 | 38.00 | NOTE | |||
r-release-windows-x86_64 | 0.1.0 | 4.00 | 61.00 | 65.00 | NOTE | |
r-oldrel-macos-arm64 | 0.1.0 | 23.00 | NOTE | |||
r-oldrel-macos-x86_64 | 0.1.0 | 32.00 | NOTE | |||
r-oldrel-windows-x86_64 | 0.1.0 | 4.00 | 74.00 | 78.00 | NOTE |
Version: 0.1.0
Check: package subdirectories
Result: NOTE
Problems with news in ‘NEWS.md’:
No news entries found.
Flavors: r-devel-linux-x86_64-debian-clang, r-devel-linux-x86_64-debian-gcc, r-devel-linux-x86_64-fedora-clang, r-devel-linux-x86_64-fedora-gcc, r-devel-windows-x86_64, r-patched-linux-x86_64, r-release-linux-x86_64, r-release-macos-arm64, r-release-macos-x86_64, r-release-windows-x86_64, r-oldrel-macos-arm64, r-oldrel-macos-x86_64, r-oldrel-windows-x86_64
Version: 0.1.0
Check: LazyData
Result: NOTE
'LazyData' is specified without a 'data' directory
Flavors: r-patched-linux-x86_64, r-release-linux-x86_64, r-release-macos-arm64, r-release-macos-x86_64, r-release-windows-x86_64, r-oldrel-macos-arm64, r-oldrel-macos-x86_64, r-oldrel-windows-x86_64