Last updated on 2024-04-18 12:52:38 CEST.
Flavor | Version | Tinstall | Tcheck | Ttotal | Status | Flags |
---|---|---|---|---|---|---|
r-devel-linux-x86_64-debian-clang | 1.3.3 | 850.86 | 478.39 | 1329.25 | NOTE | |
r-devel-linux-x86_64-debian-gcc | 1.3.3 | 710.26 | 419.58 | 1129.84 | NOTE | |
r-devel-linux-x86_64-fedora-clang | 1.3.3 | 1556.59 | NOTE | |||
r-devel-linux-x86_64-fedora-gcc | 1.3.3 | 1925.81 | NOTE | |||
r-prerel-macos-arm64 | 1.3.3 | 391.00 | NOTE | |||
r-prerel-macos-x86_64 | 1.3.3 | 771.00 | NOTE | |||
r-prerel-windows-x86_64 | 1.3.3 | 531.00 | 406.00 | 937.00 | NOTE | |
r-patched-linux-x86_64 | 1.3.3 | 0.02 | 2.84 | 2.86 | ERROR | |
r-release-linux-x86_64 | 1.3.3 | 0.02 | 2.73 | 2.75 | ERROR | |
r-release-macos-arm64 | 1.3.3 | 402.00 | NOTE | |||
r-release-macos-x86_64 | 1.3.3 | 694.00 | NOTE | |||
r-release-windows-x86_64 | 1.3.3 | 757.00 | 540.00 | 1297.00 | NOTE | |
r-oldrel-macos-arm64 | 1.3.3 | 376.00 | NOTE | |||
r-oldrel-windows-x86_64 | 1.3.3 | 719.00 | 512.00 | 1231.00 | NOTE |
Version: 1.3.3
Check: for GNU extensions in Makefiles
Result: NOTE
GNU make is a SystemRequirements.
Flavors: r-devel-linux-x86_64-debian-clang, r-devel-linux-x86_64-debian-gcc, r-devel-linux-x86_64-fedora-clang, r-devel-linux-x86_64-fedora-gcc, r-prerel-macos-arm64, r-prerel-macos-x86_64, r-prerel-windows-x86_64, r-release-macos-arm64, r-release-macos-x86_64, r-release-windows-x86_64, r-oldrel-macos-arm64, r-oldrel-windows-x86_64
Version: 1.3.3
Check: installed package size
Result: NOTE
installed size is 9.8Mb
sub-directories of 1Mb or more:
doc 1.0Mb
libs 8.2Mb
Flavors: r-devel-linux-x86_64-fedora-clang, r-prerel-macos-arm64, r-prerel-macos-x86_64, r-prerel-windows-x86_64, r-release-macos-arm64, r-release-macos-x86_64, r-release-windows-x86_64, r-oldrel-macos-arm64, r-oldrel-windows-x86_64
Version: 1.3.3
Check: dependencies in R code
Result: NOTE
Namespace in Imports field not imported from: ‘rstantools’
All declared Imports should be used.
Flavors: r-devel-linux-x86_64-fedora-clang, r-devel-linux-x86_64-fedora-gcc
Version: 1.3.3
Check: whether package can be installed
Result: ERROR
Installation failed.
Flavors: r-patched-linux-x86_64, r-release-linux-x86_64