Last updated on 2022-07-01 11:51:55 CEST.
Flavor | Version | Tinstall | Tcheck | Ttotal | Status | Flags |
---|---|---|---|---|---|---|
r-devel-linux-x86_64-debian-clang | 0.0.4 | 131.54 | 89.82 | 221.36 | NOTE | |
r-devel-linux-x86_64-debian-gcc | 0.0.4 | 114.74 | 70.82 | 185.56 | NOTE | |
r-devel-linux-x86_64-fedora-clang | 0.0.4 | 308.55 | NOTE | |||
r-devel-linux-x86_64-fedora-gcc | 0.0.4 | 310.79 | NOTE | |||
r-devel-windows-x86_64 | 0.0.4 | 101.00 | 147.00 | 248.00 | NOTE | |
r-patched-linux-x86_64 | 0.0.4 | 113.61 | 90.85 | 204.46 | NOTE | |
r-release-linux-x86_64 | 0.0.4 | 95.61 | 89.57 | 185.18 | NOTE | |
r-release-macos-arm64 | 0.0.4 | 80.00 | NOTE | |||
r-release-macos-x86_64 | 0.0.4 | 123.00 | NOTE | |||
r-release-windows-x86_64 | 0.0.4 | 102.00 | 139.00 | 241.00 | NOTE | |
r-oldrel-macos-arm64 | 0.0.4 | 77.00 | NOTE | |||
r-oldrel-macos-x86_64 | 0.0.4 | 121.00 | NOTE | |||
r-oldrel-windows-ix86+x86_64 | 0.0.4 | 292.00 | 171.00 | 463.00 | NOTE |
Version: 0.0.4
Check: for GNU extensions in Makefiles
Result: NOTE
GNU make is a SystemRequirements.
Flavors: r-devel-linux-x86_64-debian-clang, r-devel-linux-x86_64-debian-gcc, r-devel-linux-x86_64-fedora-clang, r-devel-linux-x86_64-fedora-gcc, r-devel-windows-x86_64, r-patched-linux-x86_64, r-release-linux-x86_64, r-release-macos-arm64, r-release-macos-x86_64, r-release-windows-x86_64, r-oldrel-macos-arm64, r-oldrel-macos-x86_64, r-oldrel-windows-ix86+x86_64
Version: 0.0.4
Check: installed package size
Result: NOTE
installed size is 22.0Mb
sub-directories of 1Mb or more:
libs 21.7Mb
Flavors: r-devel-linux-x86_64-fedora-clang, r-release-macos-arm64, r-release-macos-x86_64, r-oldrel-macos-arm64, r-oldrel-macos-x86_64