CRAN Package Check Results for Package bayesWatch

Last updated on 2024-04-18 12:52:38 CEST.

Flavor Version Tinstall Tcheck Ttotal Status Flags
r-devel-linux-x86_64-debian-clang 0.1.3 140.48 117.37 257.85 OK
r-devel-linux-x86_64-debian-gcc 0.1.3 108.02 84.19 192.21 OK
r-devel-linux-x86_64-fedora-clang 0.1.3 363.00 OK
r-devel-linux-x86_64-fedora-gcc 0.1.3 352.69 OK
r-prerel-macos-arm64 0.1.3 76.00 NOTE
r-prerel-macos-x86_64 0.1.3 147.00 NOTE
r-prerel-windows-x86_64 0.1.3 114.00 112.00 226.00 OK
r-patched-linux-x86_64 0.1.3 135.40 109.63 245.03 OK
r-release-linux-x86_64 0.1.3 143.18 114.25 257.43 OK
r-release-macos-arm64 0.1.3 86.00 NOTE
r-release-macos-x86_64 0.1.3 120.00 NOTE
r-release-windows-x86_64 0.1.3 140.00 142.00 282.00 OK
r-oldrel-macos-arm64 0.1.3 78.00 NOTE
r-oldrel-windows-x86_64 0.1.3 131.00 135.00 266.00 OK

Check Details

Version: 0.1.3
Check: installed package size
Result: NOTE installed size is 7.1Mb sub-directories of 1Mb or more: help 2.2Mb libs 4.6Mb Flavors: r-prerel-macos-arm64, r-prerel-macos-x86_64, r-release-macos-arm64, r-release-macos-x86_64, r-oldrel-macos-arm64