CRAN Package Check Results for Package bayesTFR

Last updated on 2022-06-30 11:53:02 CEST.

Flavor Version Tinstall Tcheck Ttotal Status Flags
r-devel-linux-x86_64-debian-clang 7.1-1 24.15 119.44 143.59 OK
r-devel-linux-x86_64-debian-gcc 7.1-1 13.65 87.97 101.62 OK
r-devel-linux-x86_64-fedora-clang 7.1-1 174.48 NOTE
r-devel-linux-x86_64-fedora-gcc 7.1-1 172.19 OK
r-devel-windows-x86_64 7.1-1 1549.00 171.00 1720.00 OK
r-patched-linux-x86_64 7.1-1 20.82 111.22 132.04 OK
r-release-linux-x86_64 7.1-1 19.44 111.80 131.24 OK
r-release-macos-arm64 7.1-1 45.00 NOTE
r-release-macos-x86_64 7.1-1 62.00 NOTE
r-release-windows-x86_64 7.1-1 937.00 221.00 1158.00 OK
r-oldrel-macos-arm64 7.1-1 45.00 NOTE
r-oldrel-macos-x86_64 7.1-1 67.00 NOTE
r-oldrel-windows-ix86+x86_64 7.1-1 36.00 178.00 214.00 OK

Check Details

Version: 7.1-1
Check: installed package size
Result: NOTE
     installed size is 5.8Mb
     sub-directories of 1Mb or more:
     ex-data 4.7Mb
Flavors: r-devel-linux-x86_64-fedora-clang, r-release-macos-arm64, r-release-macos-x86_64, r-oldrel-macos-arm64, r-oldrel-macos-x86_64