CRAN Package Check Results for Package bayesTFR

Last updated on 2024-02-24 11:49:20 CET.

Flavor Version Tinstall Tcheck Ttotal Status Flags
r-devel-linux-x86_64-debian-clang 7.4-2 14.57 136.47 151.04 OK
r-devel-linux-x86_64-debian-gcc 7.4-2 17.56 99.98 117.54 OK
r-devel-linux-x86_64-fedora-clang 7.4-2 197.53 NOTE
r-devel-linux-x86_64-fedora-gcc 7.4-2 185.26 OK
r-devel-windows-x86_64 7.4-2 22.00 112.00 134.00 OK
r-patched-linux-x86_64 7.4-2 19.99 131.67 151.66 OK
r-release-linux-x86_64 7.4-2 18.08 131.48 149.56 OK
r-release-macos-arm64 7.4-2 54.00 NOTE
r-release-macos-x86_64 7.4-2 117.00 NOTE
r-release-windows-x86_64 7.4-2 28.00 137.00 165.00 OK
r-oldrel-macos-arm64 7.4-2 52.00 NOTE
r-oldrel-windows-x86_64 7.4-2 28.00 137.00 165.00 OK

Check Details

Version: 7.4-2
Check: installed package size
Result: NOTE installed size is 5.8Mb sub-directories of 1Mb or more: ex-data 4.7Mb Flavors: r-devel-linux-x86_64-fedora-clang, r-release-macos-arm64, r-release-macos-x86_64, r-oldrel-macos-arm64