Last updated on 2024-03-29 09:55:18 CET.
Flavor | Version | Tinstall | Tcheck | Ttotal | Status | Flags |
---|---|---|---|---|---|---|
r-devel-linux-x86_64-debian-clang | 0.6-1 | 80.60 | 110.07 | 190.67 | OK | |
r-devel-linux-x86_64-debian-gcc | 0.6-1 | 68.85 | 89.49 | 158.34 | OK | |
r-devel-linux-x86_64-fedora-clang | 0.6-1 | 271.38 | OK | |||
r-devel-linux-x86_64-fedora-gcc | 0.6-1 | 286.54 | OK | |||
r-devel-windows-x86_64 | 0.6-1 | 66.00 | 146.00 | 212.00 | OK | |
r-patched-linux-x86_64 | 0.6-1 | 73.33 | 112.00 | 185.33 | OK | |
r-release-linux-x86_64 | 0.6-1 | 83.51 | 110.21 | 193.72 | OK | |
r-release-macos-arm64 | 0.6-1 | 90.00 | NOTE | |||
r-release-macos-x86_64 | 0.6-1 | 150.00 | NOTE | |||
r-release-windows-x86_64 | 0.6-1 | 84.00 | 165.00 | 249.00 | OK | |
r-oldrel-macos-arm64 | 0.6-1 | 78.00 | NOTE | |||
r-oldrel-windows-x86_64 | 0.6-1 | 79.00 | 163.00 | 242.00 | OK |
Version: 0.6-1
Check: installed package size
Result: NOTE
installed size is 8.0Mb
sub-directories of 1Mb or more:
data 2.7Mb
libs 4.5Mb
Flavors: r-release-macos-arm64, r-release-macos-x86_64, r-oldrel-macos-arm64