CRAN Package Check Results for Package bayesImageS

Last updated on 2022-07-03 11:53:32 CEST.

Flavor Version Tinstall Tcheck Ttotal Status Flags
r-devel-linux-x86_64-debian-clang 0.6-1 79.58 105.95 185.53 OK
r-devel-linux-x86_64-debian-gcc 0.6-1 64.62 84.53 149.15 OK
r-devel-linux-x86_64-fedora-clang 0.6-1 256.40 NOTE
r-devel-linux-x86_64-fedora-gcc 0.6-1 248.20 OK
r-devel-windows-x86_64 0.6-1 102.00 182.00 284.00 OK
r-patched-linux-x86_64 0.6-1 70.25 104.09 174.34 OK
r-release-linux-x86_64 0.6-1 66.35 103.10 169.45 OK
r-release-macos-arm64 0.6-1 68.00 NOTE
r-release-macos-x86_64 0.6-1 90.00 NOTE
r-release-windows-x86_64 0.6-1 110.00 185.00 295.00 OK
r-oldrel-macos-arm64 0.6-1 71.00 NOTE
r-oldrel-macos-x86_64 0.6-1 146.00 NOTE
r-oldrel-windows-ix86+x86_64 0.6-1 195.00 200.00 395.00 NOTE

Check Details

Version: 0.6-1
Check: installed package size
Result: NOTE
     installed size is 6.6Mb
     sub-directories of 1Mb or more:
     data 2.7Mb
     libs 3.1Mb
Flavors: r-devel-linux-x86_64-fedora-clang, r-release-macos-arm64, r-release-macos-x86_64, r-oldrel-macos-arm64, r-oldrel-macos-x86_64, r-oldrel-windows-ix86+x86_64

Version: 0.6-1
Check: package dependencies
Result: NOTE
    Package suggested but not available for checking: ‘PottsUtils’
Flavors: r-release-macos-x86_64, r-oldrel-macos-arm64