CRAN Package Check Results for Package bayesImageS

Last updated on 2025-04-16 12:49:27 CEST.

Flavor Version Tinstall Tcheck Ttotal Status Flags
r-devel-linux-x86_64-debian-clang 0.6-1 52.27 91.48 143.75 OK
r-devel-linux-x86_64-debian-gcc 0.6-1 40.09 69.70 109.79 OK
r-devel-linux-x86_64-fedora-clang 0.6-1 254.49 OK
r-devel-linux-x86_64-fedora-gcc 0.6-1 278.62 OK
r-devel-windows-x86_64 0.6-1 64.00 150.00 214.00 OK
r-patched-linux-x86_64 0.6-1 58.82 95.64 154.46 OK
r-release-linux-x86_64 0.6-1 56.79 92.23 149.02 OK
r-release-macos-arm64 0.6-1 87.00 OK
r-release-macos-x86_64 0.6-1 144.00 OK
r-release-windows-x86_64 0.6-1 65.00 150.00 215.00 OK
r-oldrel-macos-arm64 0.6-1 78.00 NOTE
r-oldrel-macos-x86_64 0.6-1 130.00 NOTE
r-oldrel-windows-x86_64 0.6-1 75.00 172.00 247.00 OK

Check Details

Version: 0.6-1
Check: installed package size
Result: NOTE installed size is 8.0Mb sub-directories of 1Mb or more: data 2.7Mb libs 4.5Mb Flavors: r-oldrel-macos-arm64, r-oldrel-macos-x86_64