CRAN Package Check Results for Package bayesDP

Last updated on 2025-06-30 11:49:40 CEST.

Flavor Version Tinstall Tcheck Ttotal Status Flags
r-devel-linux-x86_64-debian-clang 1.3.7 41.08 154.91 195.99 OK
r-devel-linux-x86_64-debian-gcc 1.3.7 28.79 112.33 141.12 OK
r-devel-linux-x86_64-fedora-clang 1.3.7 319.18 OK
r-devel-linux-x86_64-fedora-gcc 1.3.7 309.03 OK
r-devel-windows-x86_64 1.3.7 50.00 157.00 207.00 OK
r-patched-linux-x86_64 OK
r-release-linux-x86_64 1.3.7 40.12 147.25 187.37 OK
r-release-macos-arm64 1.3.7 116.00 OK
r-release-macos-x86_64 1.3.7 150.00 OK
r-release-windows-x86_64 1.3.7 50.00 156.00 206.00 OK
r-oldrel-macos-arm64 1.3.7 82.00 NOTE
r-oldrel-macos-x86_64 1.3.7 208.00 NOTE
r-oldrel-windows-x86_64 1.3.7 61.00 197.00 258.00 OK

Check Details

Version: 1.3.7
Check: installed package size
Result: NOTE installed size is 5.3Mb sub-directories of 1Mb or more: doc 2.2Mb libs 2.4Mb Flavors: r-oldrel-macos-arm64, r-oldrel-macos-x86_64