Last updated on 2022-06-25 10:52:57 CEST.
Flavor | Version | Tinstall | Tcheck | Ttotal | Status | Flags |
---|---|---|---|---|---|---|
r-devel-linux-x86_64-debian-clang | 1.3.6 | 64.02 | 163.85 | 227.87 | OK | |
r-devel-linux-x86_64-debian-gcc | 1.3.6 | 49.07 | 118.98 | 168.05 | OK | |
r-devel-linux-x86_64-fedora-clang | 1.3.6 | 286.38 | OK | |||
r-devel-linux-x86_64-fedora-gcc | 1.3.6 | 277.65 | OK | |||
r-devel-windows-x86_64 | 1.3.6 | 66.00 | 216.00 | 282.00 | OK | |
r-patched-linux-x86_64 | 1.3.6 | 46.23 | 150.63 | 196.86 | OK | |
r-release-linux-x86_64 | 1.3.6 | 51.14 | 150.22 | 201.36 | OK | |
r-release-macos-arm64 | 1.3.6 | 81.00 | NOTE | |||
r-release-macos-x86_64 | 1.3.6 | 109.00 | NOTE | |||
r-release-windows-x86_64 | 1.3.6 | 71.00 | 202.00 | 273.00 | OK | |
r-oldrel-macos-arm64 | 1.3.6 | 70.00 | NOTE | |||
r-oldrel-macos-x86_64 | 1.3.6 | 108.00 | NOTE | |||
r-oldrel-windows-ix86+x86_64 | 1.3.6 | 148.00 | 248.00 | 396.00 | NOTE |
Version: 1.3.6
Check: installed package size
Result: NOTE
installed size is 5.4Mb
sub-directories of 1Mb or more:
doc 2.2Mb
libs 2.6Mb
Flavors: r-release-macos-arm64, r-release-macos-x86_64, r-oldrel-macos-arm64, r-oldrel-macos-x86_64, r-oldrel-windows-ix86+x86_64