CRAN Package Check Results for Package batman

Last updated on 2022-07-05 11:49:48 CEST.

Flavor Version Tinstall Tcheck Ttotal Status Flags
r-devel-linux-x86_64-debian-clang 0.1.0 23.58 28.56 52.14 OK
r-devel-linux-x86_64-debian-gcc 0.1.0 18.57 22.64 41.21 OK
r-devel-linux-x86_64-fedora-clang 0.1.0 85.43 NOTE
r-devel-linux-x86_64-fedora-gcc 0.1.0 75.22 NOTE
r-devel-windows-x86_64 0.1.0 29.00 72.00 101.00 OK
r-patched-linux-x86_64 0.1.0 19.28 28.78 48.06 OK
r-release-linux-x86_64 0.1.0 19.03 27.96 46.99 OK
r-release-macos-arm64 0.1.0 21.00 NOTE
r-release-macos-x86_64 0.1.0 33.00 NOTE
r-release-windows-x86_64 0.1.0 31.00 75.00 106.00 OK
r-oldrel-macos-arm64 0.1.0 26.00 NOTE
r-oldrel-macos-x86_64 0.1.0 44.00 NOTE
r-oldrel-windows-ix86+x86_64 0.1.0 60.00 87.00 147.00 OK

Check Details

Version: 0.1.0
Check: data for non-ASCII characters
Result: NOTE
     Note: found 19 marked UTF-8 strings
Flavors: r-devel-linux-x86_64-fedora-clang, r-devel-linux-x86_64-fedora-gcc, r-release-macos-arm64, r-release-macos-x86_64, r-oldrel-macos-arm64, r-oldrel-macos-x86_64

Version: 0.1.0
Check: compiled code
Result: NOTE
    File ‘batman/libs/batman.so’:
     Found no calls to: ‘R_registerRoutines’, ‘R_useDynamicSymbols’
    
    It is good practice to register native routines and to disable symbol
    search.
    
    See ‘Writing portable packages’ in the ‘Writing R Extensions’ manual.
Flavors: r-devel-linux-x86_64-fedora-clang, r-devel-linux-x86_64-fedora-gcc