CRAN Package Check Results for Package batchscr

Last updated on 2025-04-29 12:52:30 CEST.

Flavor Version Tinstall Tcheck Ttotal Status Flags
r-devel-linux-x86_64-debian-clang 0.1.0 1.55 15.98 17.53 NOTE
r-devel-linux-x86_64-debian-gcc 0.1.0 1.23 12.89 14.12 NOTE
r-devel-linux-x86_64-fedora-clang 0.1.0 27.93 OK
r-devel-linux-x86_64-fedora-gcc 0.1.0 25.73 OK
r-devel-windows-x86_64 0.1.0 3.00 34.00 37.00 OK
r-patched-linux-x86_64 0.1.0 1.35 15.53 16.88 OK
r-release-linux-x86_64 0.1.0 1.38 15.51 16.89 OK
r-release-macos-arm64 0.1.0 13.00 OK
r-release-macos-x86_64 0.1.0 21.00 OK
r-release-windows-x86_64 0.1.0 2.00 37.00 39.00 OK
r-oldrel-macos-arm64 0.1.0 15.00 NOTE
r-oldrel-macos-x86_64 0.1.0 19.00 NOTE
r-oldrel-windows-x86_64 0.1.0 2.00 33.00 35.00 NOTE

Check Details

Version: 0.1.0
Check: CRAN incoming feasibility
Result: NOTE Maintainer: ‘Sherry Zhao<sxzhao@gwu.edu>’ No Authors@R field in DESCRIPTION. Please add one, modifying Authors@R: person(given = "Sherry", family = "Zhao", role = c("aut", "cre"), email = "sxzhao@gwu.edu") as necessary. Flavors: r-devel-linux-x86_64-debian-clang, r-devel-linux-x86_64-debian-gcc

Version: 0.1.0
Check: LazyData
Result: NOTE 'LazyData' is specified without a 'data' directory Flavors: r-oldrel-macos-arm64, r-oldrel-macos-x86_64, r-oldrel-windows-x86_64