Last updated on 2024-04-23 10:53:57 CEST.
Flavor | Version | Tinstall | Tcheck | Ttotal | Status | Flags |
---|---|---|---|---|---|---|
r-devel-linux-x86_64-debian-clang | 2.2.0 | 266.27 | 269.39 | 535.66 | OK | |
r-devel-linux-x86_64-debian-gcc | 2.2.0 | 192.15 | 173.04 | 365.19 | OK | |
r-devel-linux-x86_64-fedora-clang | 2.2.0 | 857.40 | OK | |||
r-devel-linux-x86_64-fedora-gcc | 2.2.0 | 688.46 | OK | |||
r-prerel-macos-arm64 | 2.2.0 | 137.00 | NOTE | |||
r-prerel-macos-x86_64 | 2.2.0 | 291.00 | NOTE | |||
r-prerel-windows-x86_64 | 2.2.0 | 179.00 | 234.00 | 413.00 | OK | |
r-patched-linux-x86_64 | 2.1.0 | 307.75 | 221.33 | 529.08 | OK | |
r-release-linux-x86_64 | 2.2.0 | 248.63 | 218.56 | 467.19 | OK | |
r-release-macos-arm64 | 2.2.0 | 131.00 | NOTE | |||
r-release-macos-x86_64 | 2.2.0 | 259.00 | NOTE | |||
r-release-windows-x86_64 | 2.2.0 | 190.00 | 246.00 | 436.00 | OK | |
r-oldrel-macos-arm64 | 2.2.0 | 130.00 | NOTE | |||
r-oldrel-windows-x86_64 | 2.2.0 | 167.00 | 242.00 | 409.00 | OK |
Version: 2.2.0
Check: installed package size
Result: NOTE
installed size is 7.2Mb
sub-directories of 1Mb or more:
libs 6.8Mb
Flavors: r-prerel-macos-arm64, r-prerel-macos-x86_64, r-release-macos-arm64, r-release-macos-x86_64, r-oldrel-macos-arm64