Last updated on 2022-06-24 11:52:02 CEST.
Flavor | Version | Tinstall | Tcheck | Ttotal | Status | Flags |
---|---|---|---|---|---|---|
r-devel-linux-x86_64-debian-clang | 1.0.7 | 8.21 | 73.90 | 82.11 | NOTE | |
r-devel-linux-x86_64-debian-gcc | 1.0.7 | 5.93 | 56.63 | 62.56 | NOTE | |
r-devel-linux-x86_64-fedora-clang | 1.0.7 | 108.06 | NOTE | |||
r-devel-linux-x86_64-fedora-gcc | 1.0.7 | 107.71 | NOTE | |||
r-devel-windows-x86_64 | 1.0.7 | 12.00 | 92.00 | 104.00 | NOTE | |
r-patched-linux-x86_64 | 1.0.7 | 9.52 | 70.45 | 79.97 | NOTE | |
r-release-linux-x86_64 | 1.0.7 | 8.67 | 70.61 | 79.28 | NOTE | |
r-release-macos-arm64 | 1.0.7 | 31.00 | NOTE | |||
r-release-macos-x86_64 | 1.0.7 | 44.00 | NOTE | |||
r-release-windows-x86_64 | 1.0.7 | 11.00 | 94.00 | 105.00 | NOTE | |
r-oldrel-macos-arm64 | 1.0.7 | 39.00 | NOTE | |||
r-oldrel-macos-x86_64 | 1.0.7 | 49.00 | NOTE | |||
r-oldrel-windows-ix86+x86_64 | 1.0.7 | 19.00 | 90.00 | 109.00 | NOTE |
Version: 1.0.7
Check: package dependencies
Result: NOTE
Package which this enhances but not available for checking: 'rPython'
Flavors: r-devel-linux-x86_64-debian-clang, r-devel-linux-x86_64-debian-gcc, r-devel-linux-x86_64-fedora-clang, r-devel-linux-x86_64-fedora-gcc, r-patched-linux-x86_64, r-release-linux-x86_64, r-release-macos-arm64, r-release-macos-x86_64, r-oldrel-macos-arm64, r-oldrel-macos-x86_64
Version: 1.0.7
Check: package dependencies
Result: NOTE
Packages which this enhances but not available for checking:
'doMC', 'rPython'
Flavors: r-devel-windows-x86_64, r-release-windows-x86_64, r-oldrel-windows-ix86+x86_64