Last updated on 2024-03-28 09:51:37 CET.
Flavor | Version | Tinstall | Tcheck | Ttotal | Status | Flags |
---|---|---|---|---|---|---|
r-devel-linux-x86_64-debian-clang | 1.0.2 | 23.76 | 137.95 | 161.71 | NOTE | |
r-devel-linux-x86_64-debian-gcc | 1.0.2 | 21.67 | 103.15 | 124.82 | NOTE | |
r-devel-linux-x86_64-fedora-clang | 1.0.2 | 210.57 | NOTE | |||
r-devel-linux-x86_64-fedora-gcc | 1.0.2 | 211.16 | NOTE | |||
r-devel-windows-x86_64 | 1.0.2 | 20.00 | 130.00 | 150.00 | NOTE | |
r-patched-linux-x86_64 | 1.0.2 | 28.40 | 136.58 | 164.98 | NOTE | |
r-release-linux-x86_64 | 1.0.2 | 21.99 | 135.48 | 157.47 | NOTE | |
r-release-macos-arm64 | 1.0.2 | 73.00 | NOTE | |||
r-release-macos-x86_64 | 1.0.2 | 109.00 | NOTE | |||
r-release-windows-x86_64 | 1.0.2 | 26.00 | 151.00 | 177.00 | NOTE | |
r-oldrel-macos-arm64 | 1.0.2 | 54.00 | OK | |||
r-oldrel-windows-x86_64 | 1.0.2 | 27.00 | 144.00 | 171.00 | OK |
Version: 1.0.2
Check: package subdirectories
Result: NOTE
Problems with news in ‘NEWS.md’:
Cannot extract version info from the following section titles:
Earlier versions
Flavors: r-devel-linux-x86_64-debian-clang, r-devel-linux-x86_64-debian-gcc, r-devel-linux-x86_64-fedora-clang, r-devel-linux-x86_64-fedora-gcc, r-devel-windows-x86_64, r-patched-linux-x86_64, r-release-linux-x86_64, r-release-macos-arm64, r-release-macos-x86_64, r-release-windows-x86_64
Version: 1.0.2
Check: Rd files
Result: NOTE
checkRd: (-1) BasicTable.Rd:659: Lost braces; missing escapes or markup?
659 | `function(v, cell) { if(isTRUE(v>0.8)) return("green") }`.\cr
| ^
checkRd: (-1) TableStyle.Rd:151: Lost braces; missing escapes or markup?
151 | The CSS style rule, e.g. { text-align: center; color: red; }
| ^
checkRd: (-1) TableStyle.Rd:172: Lost braces; missing escapes or markup?
172 | The CSS style rule, e.g. cell { text-align: center; color: red; }
| ^
checkRd: (-1) TableStyles.Rd:209: Lost braces; missing escapes or markup?
209 | The CSS style rule, e.g. { text-align: center; color: red; }
| ^
checkRd: (-1) TableStyles.Rd:232: Lost braces; missing escapes or markup?
232 | The CSS style rule, e.g. cell { text-align: center; color: red; }
| ^
Flavors: r-devel-linux-x86_64-debian-clang, r-devel-linux-x86_64-debian-gcc, r-devel-linux-x86_64-fedora-clang, r-devel-linux-x86_64-fedora-gcc, r-devel-windows-x86_64, r-patched-linux-x86_64