Last updated on 2024-03-28 09:51:37 CET.
Flavor | Version | Tinstall | Tcheck | Ttotal | Status | Flags |
---|---|---|---|---|---|---|
r-devel-linux-x86_64-debian-clang | 0.2.2 | 7.35 | 71.51 | 78.86 | NOTE | |
r-devel-linux-x86_64-debian-gcc | 0.2.2 | 6.79 | 51.52 | 58.31 | NOTE | |
r-devel-linux-x86_64-fedora-clang | 0.2.2 | 107.16 | NOTE | |||
r-devel-linux-x86_64-fedora-gcc | 0.2.2 | 95.29 | NOTE | |||
r-devel-windows-x86_64 | 0.2.2 | 8.00 | 71.00 | 79.00 | NOTE | |
r-patched-linux-x86_64 | 0.2.2 | 7.74 | 66.46 | 74.20 | NOTE | |
r-release-linux-x86_64 | 0.2.2 | 7.27 | 65.83 | 73.10 | OK | |
r-release-macos-arm64 | 0.2.2 | 34.00 | OK | |||
r-release-macos-x86_64 | 0.2.2 | 50.00 | OK | |||
r-release-windows-x86_64 | 0.2.2 | 11.00 | 80.00 | 91.00 | OK | |
r-oldrel-macos-arm64 | 0.2.2 | 25.00 | OK | |||
r-oldrel-windows-x86_64 | 0.2.2 | 13.00 | 87.00 | 100.00 | OK |
Version: 0.2.2
Check: Rd files
Result: NOTE
checkRd: (-1) bd_collect.Rd:30: Lost braces; missing escapes or markup?
30 | the {dplyr}'s verbs and thus use it in local memory completely.
| ^
checkRd: (-1) bd_write.Rd:52: Lost braces; missing escapes or markup?
52 | Writes a remote table to disk that was called via {bdplyr}.
| ^
checkRd: (-1) bdplyr.Rd:5: Lost braces; missing escapes or markup?
5 | \title{Compatibility with {dplyr} verbs without using SQL language}
| ^
Flavors: r-devel-linux-x86_64-debian-clang, r-devel-linux-x86_64-debian-gcc, r-devel-linux-x86_64-fedora-clang, r-devel-linux-x86_64-fedora-gcc, r-devel-windows-x86_64, r-patched-linux-x86_64
Version: 0.2.2
Check: Rd cross-references
Result: NOTE
Undeclared packages ‘jsonlite’, ‘arrow’ in Rd xrefs
Flavor: r-devel-linux-x86_64-fedora-clang