CRAN Package Check Results for Package basad

Last updated on 2022-07-05 11:49:48 CEST.

Flavor Version Tinstall Tcheck Ttotal Status Flags
r-devel-linux-x86_64-debian-clang 0.3.0 71.86 29.94 101.80 OK
r-devel-linux-x86_64-debian-gcc 0.3.0 58.69 25.73 84.42 OK
r-devel-linux-x86_64-fedora-clang 0.3.0 165.86 NOTE
r-devel-linux-x86_64-fedora-gcc 0.3.0 149.44 OK
r-devel-windows-x86_64 0.3.0 50.00 86.00 136.00 OK
r-patched-linux-x86_64 0.3.0 65.72 31.55 97.27 OK
r-release-linux-x86_64 0.3.0 68.22 31.97 100.19 OK
r-release-macos-arm64 0.3.0 43.00 NOTE
r-release-macos-x86_64 0.3.0 54.00 NOTE
r-release-windows-x86_64 0.3.0 51.00 85.00 136.00 OK
r-oldrel-macos-arm64 0.3.0 52.00 NOTE
r-oldrel-macos-x86_64 0.3.0 58.00 NOTE
r-oldrel-windows-ix86+x86_64 0.3.0 154.00 77.00 231.00 OK

Check Details

Version: 0.3.0
Check: installed package size
Result: NOTE
     installed size is 12.4Mb
     sub-directories of 1Mb or more:
     libs 12.3Mb
Flavors: r-devel-linux-x86_64-fedora-clang, r-release-macos-arm64, r-release-macos-x86_64, r-oldrel-macos-arm64, r-oldrel-macos-x86_64