CRAN Package Check Results for Package bartBMA

Last updated on 2022-06-29 11:52:03 CEST.

Flavor Version Tinstall Tcheck Ttotal Status Flags
r-devel-linux-x86_64-debian-clang 1.0 291.14 67.86 359.00 OK
r-devel-linux-x86_64-debian-gcc 1.0 169.48 52.69 222.17 OK
r-devel-linux-x86_64-fedora-clang 1.0 552.48 NOTE
r-devel-linux-x86_64-fedora-gcc 1.0 378.05 NOTE
r-devel-windows-x86_64 1.0 142.00 135.00 277.00 OK
r-patched-linux-x86_64 1.0 179.03 65.00 244.03 OK
r-release-linux-x86_64 1.0 174.33 66.31 240.64 OK
r-release-macos-arm64 1.0 94.00 NOTE
r-release-macos-x86_64 1.0 149.00 NOTE
r-release-windows-x86_64 1.0 142.00 136.00 278.00 OK
r-oldrel-macos-arm64 1.0 114.00 NOTE
r-oldrel-macos-x86_64 1.0 202.00 NOTE
r-oldrel-windows-ix86+x86_64 1.0 408.00 167.00 575.00 NOTE

Check Details

Version: 1.0
Check: installed package size
Result: NOTE
     installed size is 20.3Mb
     sub-directories of 1Mb or more:
     libs 20.1Mb
Flavors: r-devel-linux-x86_64-fedora-clang, r-release-macos-arm64, r-release-macos-x86_64, r-oldrel-macos-arm64, r-oldrel-macos-x86_64, r-oldrel-windows-ix86+x86_64

Version: 1.0
Check: dependencies in R code
Result: NOTE
    Namespace in Imports field not imported from: ‘mvnfast’
     All declared Imports should be used.
Flavors: r-devel-linux-x86_64-fedora-clang, r-devel-linux-x86_64-fedora-gcc, r-release-macos-arm64, r-release-macos-x86_64, r-oldrel-macos-arm64, r-oldrel-macos-x86_64