Last updated on 2024-04-26 12:54:25 CEST.
Flavor | Version | Tinstall | Tcheck | Ttotal | Status | Flags |
---|---|---|---|---|---|---|
r-devel-linux-x86_64-debian-clang | 0.0.9 | 4.89 | 25.29 | 30.18 | OK | |
r-devel-linux-x86_64-debian-gcc | 0.0.9 | 4.90 | 20.87 | 25.77 | OK | |
r-devel-linux-x86_64-fedora-clang | 0.0.9 | 41.14 | NOTE | |||
r-devel-linux-x86_64-fedora-gcc | 0.0.9 | 39.79 | NOTE | |||
r-devel-windows-x86_64 | 0.0.9 | 7.00 | 43.00 | 50.00 | OK | |
r-patched-linux-x86_64 | 0.0.9 | 6.06 | 24.84 | 30.90 | OK | |
r-release-linux-x86_64 | 0.0.9 | 5.68 | 25.58 | 31.26 | OK | |
r-release-macos-arm64 | 0.0.9 | 21.00 | OK | |||
r-release-windows-x86_64 | 0.0.9 | 8.00 | 43.00 | 51.00 | OK | |
r-oldrel-macos-arm64 | 0.0.9 | 21.00 | NOTE | |||
r-oldrel-macos-x86_64 | 0.0.9 | 29.00 | OK | |||
r-oldrel-windows-x86_64 | 0.0.9 | 9.00 | 45.00 | 54.00 | OK |
Version: 0.0.9
Check: data for non-ASCII characters
Result: NOTE
Note: found 13825 marked UTF-8 strings
Flavors: r-devel-linux-x86_64-fedora-clang, r-devel-linux-x86_64-fedora-gcc
Version: 0.0.9
Check: installed package size
Result: NOTE
installed size is 5.4Mb
sub-directories of 1Mb or more:
data 5.3Mb
Flavor: r-oldrel-macos-arm64