Last updated on 2024-04-23 10:53:57 CEST.
Flavor | Version | Tinstall | Tcheck | Ttotal | Status | Flags |
---|---|---|---|---|---|---|
r-devel-linux-x86_64-debian-clang | 1.3.0 | 2.16 | 26.60 | 28.76 | NOTE | |
r-devel-linux-x86_64-debian-gcc | 1.3.0 | 1.50 | 20.01 | 21.51 | NOTE | |
r-devel-linux-x86_64-fedora-clang | 1.3.0 | 36.00 | NOTE | |||
r-devel-linux-x86_64-fedora-gcc | 1.3.0 | 34.55 | NOTE | |||
r-prerel-macos-arm64 | 1.3.0 | 16.00 | NOTE | |||
r-prerel-windows-x86_64 | 1.3.0 | 3.00 | 42.00 | 45.00 | NOTE | |
r-patched-linux-x86_64 | 1.3.0 | 2.64 | 24.79 | 27.43 | NOTE | |
r-release-linux-x86_64 | 1.3.0 | 2.36 | 25.09 | 27.45 | NOTE | |
r-release-macos-arm64 | 1.3.0 | 16.00 | NOTE | |||
r-release-macos-x86_64 | 1.3.0 | 23.00 | NOTE | |||
r-release-windows-x86_64 | 1.3.0 | 3.00 | 40.00 | 43.00 | NOTE | |
r-oldrel-macos-arm64 | 1.3.0 | 18.00 | OK | |||
r-oldrel-windows-x86_64 | 1.3.0 | 3.00 | 48.00 | 51.00 | OK |
Version: 1.3.0
Check: Rd files
Result: NOTE
checkRd: (-1) barcode.Rd:52: Escaped LaTeX specials: \&
Flavors: r-devel-linux-x86_64-debian-clang, r-devel-linux-x86_64-debian-gcc, r-devel-linux-x86_64-fedora-clang, r-devel-linux-x86_64-fedora-gcc, r-prerel-macos-arm64, r-prerel-windows-x86_64, r-patched-linux-x86_64, r-release-linux-x86_64, r-release-macos-arm64, r-release-macos-x86_64, r-release-windows-x86_64
Version: 1.3.0
Check: Rd cross-references
Result: NOTE
Undeclared package ‘YaleToolkit’ in Rd xrefs
Flavor: r-devel-linux-x86_64-fedora-clang