Last updated on 2024-04-25 07:59:46 CEST.
Flavor | Version | Tinstall | Tcheck | Ttotal | Status | Flags |
---|---|---|---|---|---|---|
r-devel-linux-x86_64-debian-clang | 0.9.0 | 3.78 | 38.23 | 42.01 | OK | |
r-devel-linux-x86_64-debian-gcc | 0.9.0 | 2.80 | 28.57 | 31.37 | OK | |
r-devel-linux-x86_64-fedora-clang | 0.9.0 | 51.85 | NOTE | |||
r-devel-linux-x86_64-fedora-gcc | 0.9.0 | 49.19 | NOTE | |||
r-devel-windows-x86_64 | 0.9.0 | 5.00 | 49.00 | 54.00 | OK | |
r-patched-linux-x86_64 | 0.9.0 | 2.73 | 36.39 | 39.12 | OK | |
r-release-linux-x86_64 | 0.9.0 | 3.42 | 35.54 | 38.96 | OK | |
r-release-macos-arm64 | 0.9.0 | 20.00 | OK | |||
r-release-windows-x86_64 | 0.9.0 | 4.00 | 49.00 | 53.00 | OK | |
r-oldrel-macos-arm64 | 0.9.0 | 21.00 | OK | |||
r-oldrel-macos-x86_64 | 0.9.0 | 23.00 | OK | |||
r-oldrel-windows-x86_64 | 0.9.0 | 6.00 | 52.00 | 58.00 | OK |
Version: 0.9.0
Check: data for non-ASCII characters
Result: NOTE
Note: found 148 marked UTF-8 strings
Flavors: r-devel-linux-x86_64-fedora-clang, r-devel-linux-x86_64-fedora-gcc