Last updated on 2024-04-27 10:50:55 CEST.
Flavor | Version | Tinstall | Tcheck | Ttotal | Status | Flags |
---|---|---|---|---|---|---|
r-devel-linux-x86_64-debian-clang | 1.0.0 | 40.72 | 366.65 | 407.37 | OK | |
r-devel-linux-x86_64-debian-gcc | 1.0.0 | 30.28 | 251.37 | 281.65 | OK | |
r-devel-linux-x86_64-fedora-clang | 1.0.0 | 490.34 | NOTE | |||
r-devel-linux-x86_64-fedora-gcc | 1.0.0 | 480.50 | OK | |||
r-devel-windows-x86_64 | 1.0.0 | 31.00 | 214.00 | 245.00 | NOTE | |
r-patched-linux-x86_64 | 1.0.0 | 34.75 | 340.11 | 374.86 | OK | |
r-release-linux-x86_64 | 1.0.0 | 28.43 | 339.91 | 368.34 | OK | |
r-release-macos-arm64 | 1.0.0 | 132.00 | NOTE | |||
r-release-windows-x86_64 | 1.0.0 | 30.00 | 213.00 | 243.00 | NOTE | |
r-oldrel-macos-arm64 | 1.0.0 | 150.00 | NOTE | |||
r-oldrel-macos-x86_64 | 1.0.0 | 235.00 | NOTE | |||
r-oldrel-windows-x86_64 | 1.0.0 | 42.00 | 300.00 | 342.00 | NOTE |
Version: 1.0.0
Check: installed package size
Result: NOTE
installed size is 5.6Mb
sub-directories of 1Mb or more:
data 4.7Mb
Flavors: r-devel-linux-x86_64-fedora-clang, r-devel-windows-x86_64, r-release-macos-arm64, r-release-windows-x86_64, r-oldrel-macos-arm64, r-oldrel-macos-x86_64, r-oldrel-windows-x86_64