Last updated on 2025-04-29 12:52:30 CEST.
Flavor | Version | Tinstall | Tcheck | Ttotal | Status | Flags |
---|---|---|---|---|---|---|
r-devel-linux-x86_64-debian-clang | 1.1.0 | 2.86 | 22.25 | 25.11 | NOTE | |
r-devel-linux-x86_64-debian-gcc | 1.1.0 | 1.88 | 17.53 | 19.41 | NOTE | |
r-devel-linux-x86_64-fedora-clang | 1.1.0 | 39.25 | OK | |||
r-devel-linux-x86_64-fedora-gcc | 1.1.0 | 38.66 | OK | |||
r-devel-windows-x86_64 | 1.1.0 | 3.00 | 41.00 | 44.00 | OK | |
r-patched-linux-x86_64 | 1.1.0 | 3.00 | 20.29 | 23.29 | OK | |
r-release-linux-x86_64 | 1.1.0 | 2.64 | 20.26 | 22.90 | OK | |
r-release-macos-arm64 | 1.1.0 | 16.00 | OK | |||
r-release-macos-x86_64 | 1.1.0 | 25.00 | OK | |||
r-release-windows-x86_64 | 1.1.0 | 4.00 | 45.00 | 49.00 | OK | |
r-oldrel-macos-arm64 | 1.1.0 | 19.00 | NOTE | |||
r-oldrel-macos-x86_64 | 1.1.0 | 23.00 | NOTE | |||
r-oldrel-windows-x86_64 | 1.1.0 | 4.00 | 42.00 | 46.00 | NOTE |
Version: 1.1.0
Check: CRAN incoming feasibility
Result: NOTE
Maintainer: ‘Arya Ebadi <aeba3842@uni.sydney.edu.au>’
The Description field contains
<arXiv:2302.11837>. Such setups include target-decoy competition (TDC)
Please refer to arXiv e-prints via their arXiv DOI <doi:10.48550/arXiv.YYMM.NNNNN>.
Flavors: r-devel-linux-x86_64-debian-clang, r-devel-linux-x86_64-debian-gcc
Version: 1.1.0
Check: package dependencies
Result: NOTE
Package suggested but not available for checking: ‘fdpbandsdata’
Flavors: r-oldrel-macos-arm64, r-oldrel-macos-x86_64, r-oldrel-windows-x86_64