Last updated on 2024-04-26 12:54:25 CEST.
Flavor | Version | Tinstall | Tcheck | Ttotal | Status | Flags |
---|---|---|---|---|---|---|
r-devel-linux-x86_64-debian-clang | 1.0-1 | 126.73 | 87.87 | 214.60 | OK | |
r-devel-linux-x86_64-debian-gcc | 1.0-1 | 97.12 | 119.00 | 216.12 | OK | |
r-devel-linux-x86_64-fedora-clang | 1.0-1 | 370.60 | OK | |||
r-devel-linux-x86_64-fedora-gcc | 1.0-1 | 359.53 | OK | |||
r-devel-windows-x86_64 | 1.0-1 | 91.00 | 104.00 | 195.00 | OK | |
r-patched-linux-x86_64 | 1.0-1 | 115.16 | 151.88 | 267.04 | OK | |
r-release-linux-x86_64 | 1.0-1 | 135.02 | 150.39 | 285.41 | OK | |
r-release-macos-arm64 | 1.0-1 | 100.00 | NOTE | |||
r-release-windows-x86_64 | 1.0-1 | 95.00 | 105.00 | 200.00 | OK | |
r-oldrel-macos-arm64 | 1.0-1 | 106.00 | NOTE | |||
r-oldrel-macos-x86_64 | 1.0-1 | 169.00 | NOTE | |||
r-oldrel-windows-x86_64 | 1.0-1 | 116.00 | 125.00 | 241.00 | OK |
Version: 1.0-1
Check: installed package size
Result: NOTE
installed size is 5.2Mb
sub-directories of 1Mb or more:
libs 4.9Mb
Flavors: r-release-macos-arm64, r-oldrel-macos-arm64, r-oldrel-macos-x86_64