Last updated on 2023-09-23 11:50:11 CEST.
Flavor | Version | Tinstall | Tcheck | Ttotal | Status | Flags |
---|---|---|---|---|---|---|
r-devel-linux-x86_64-debian-clang | 0.4.3 | 82.62 | 563.29 | 645.91 | NOTE | |
r-devel-linux-x86_64-debian-gcc | 0.4.3 | 57.52 | 394.48 | 452.00 | NOTE | |
r-devel-linux-x86_64-fedora-clang | 0.4.3 | 778.63 | NOTE | |||
r-devel-linux-x86_64-fedora-gcc | 0.4.3 | 808.65 | NOTE | |||
r-devel-windows-x86_64 | 0.4.3 | 59.00 | 463.00 | 522.00 | NOTE | |
r-patched-linux-x86_64 | 0.4.3 | 72.91 | 489.61 | 562.52 | NOTE | |
r-release-linux-x86_64 | 0.4.3 | 77.07 | 505.03 | 582.10 | NOTE | |
r-release-macos-arm64 | 0.4.3 | 224.00 | NOTE | |||
r-release-macos-x86_64 | 0.4.3 | 422.00 | NOTE | |||
r-release-windows-x86_64 | 0.4.3 | 84.00 | 600.00 | 684.00 | NOTE | |
r-oldrel-macos-arm64 | 0.4.3 | 209.00 | OK | |||
r-oldrel-macos-x86_64 | 0.4.3 | 296.00 | OK | |||
r-oldrel-windows-x86_64 | 0.4.3 | 81.00 | 589.00 | 670.00 | OK |
Version: 0.4.3
Check: C++ specification
Result: NOTE
Specified C++11: please drop specification unless essential
Flavors: r-devel-linux-x86_64-debian-clang, r-devel-linux-x86_64-debian-gcc, r-devel-linux-x86_64-fedora-clang, r-devel-linux-x86_64-fedora-gcc, r-devel-windows-x86_64, r-patched-linux-x86_64, r-release-linux-x86_64, r-release-macos-arm64, r-release-macos-x86_64, r-release-windows-x86_64