Last updated on 2024-03-28 09:51:36 CET.
Flavor | Version | Tinstall | Tcheck | Ttotal | Status | Flags |
---|---|---|---|---|---|---|
r-devel-linux-x86_64-debian-clang | 0.4.3 | 71.71 | 518.22 | 589.93 | NOTE | |
r-devel-linux-x86_64-debian-gcc | 0.4.3 | 60.78 | 380.07 | 440.85 | NOTE | |
r-devel-linux-x86_64-fedora-clang | 0.4.3 | 850.30 | NOTE | |||
r-devel-linux-x86_64-fedora-gcc | 0.4.3 | 811.35 | NOTE | |||
r-devel-windows-x86_64 | 0.4.3 | 59.00 | 449.00 | 508.00 | NOTE | |
r-patched-linux-x86_64 | 0.4.3 | 73.61 | 492.08 | 565.69 | NOTE | |
r-release-linux-x86_64 | 0.4.3 | 74.88 | 509.36 | 584.24 | NOTE | |
r-release-macos-arm64 | 0.4.3 | 224.00 | NOTE | |||
r-release-macos-x86_64 | 0.4.3 | 422.00 | NOTE | |||
r-release-windows-x86_64 | 0.4.3 | 83.00 | 604.00 | 687.00 | NOTE | |
r-oldrel-macos-arm64 | 0.4.3 | 209.00 | OK | |||
r-oldrel-windows-x86_64 | 0.4.3 | 84.00 | 583.00 | 667.00 | OK |
Version: 0.4.3
Check: C++ specification
Result: NOTE
Specified C++11: please drop specification unless essential
Flavors: r-devel-linux-x86_64-debian-clang, r-devel-linux-x86_64-debian-gcc, r-devel-linux-x86_64-fedora-clang, r-devel-linux-x86_64-fedora-gcc, r-devel-windows-x86_64, r-patched-linux-x86_64, r-release-linux-x86_64, r-release-macos-arm64, r-release-macos-x86_64, r-release-windows-x86_64
Version: 0.4.3
Check: Rd files
Result: NOTE
checkRd: (-1) null_dispersion_field_distribution.Rd:34: Lost braces
34 | random values it uses the function code{\link[bamm]{permute_pam}}
| ^
Flavors: r-devel-linux-x86_64-debian-clang, r-devel-linux-x86_64-debian-gcc, r-devel-linux-x86_64-fedora-clang, r-devel-linux-x86_64-fedora-gcc, r-devel-windows-x86_64, r-patched-linux-x86_64