Last updated on 2025-10-31 10:50:11 CET.
| Flavor | Version | Tinstall | Tcheck | Ttotal | Status | Flags | 
|---|---|---|---|---|---|---|
| r-devel-linux-x86_64-debian-clang | 0.1.4.3 | 8.08 | 137.05 | 145.13 | NOTE | |
| r-devel-linux-x86_64-debian-gcc | 0.1.4.3 | 6.79 | 89.50 | 96.29 | NOTE | |
| r-devel-linux-x86_64-fedora-clang | 0.1.4.3 | 25.00 | 220.28 | 245.28 | OK | |
| r-devel-linux-x86_64-fedora-gcc | 0.1.4.3 | 60.00 | 200.72 | 260.72 | OK | |
| r-devel-windows-x86_64 | 0.1.4.3 | 15.00 | 137.00 | 152.00 | OK | |
| r-patched-linux-x86_64 | 0.1.4.3 | 7.96 | 129.92 | 137.88 | OK | |
| r-release-linux-x86_64 | 0.1.4.3 | 7.97 | 129.50 | 137.47 | OK | |
| r-release-macos-arm64 | 0.1.4.3 | 5.00 | 69.00 | 74.00 | OK | |
| r-release-macos-x86_64 | 0.1.4.3 | 12.00 | 124.00 | 136.00 | OK | |
| r-release-windows-x86_64 | 0.1.4.3 | 14.00 | 134.00 | 148.00 | OK | |
| r-oldrel-macos-arm64 | 0.1.4.3 | 5.00 | 62.00 | 67.00 | OK | |
| r-oldrel-macos-x86_64 | 0.1.4.3 | 7.00 | 88.00 | 95.00 | OK | |
| r-oldrel-windows-x86_64 | 0.1.4.3 | 16.00 | 183.00 | 199.00 | OK | 
Version: 0.1.4.3
Check: CRAN incoming feasibility
Result: NOTE
  Maintainer: ‘Christina Heinze-Deml <heinzedeml@stat.math.ethz.ch>’
  
  No Authors@R field in DESCRIPTION.
  Please add one, modifying
    Authors@R: person(given = "Christina",
                      family = "Heinze-Deml",
                      role = c("aut", "cre"),
                      email = "heinzedeml@stat.math.ethz.ch")
  as necessary.
  
  The Description field contains
    more details, see <arXiv:1506.02494>.
  Please refer to arXiv e-prints via their arXiv DOI <doi:10.48550/arXiv.YYMM.NNNNN>.
Flavors: r-devel-linux-x86_64-debian-clang, r-devel-linux-x86_64-debian-gcc