CRAN Package Check Results for Package backShift

Last updated on 2022-06-28 12:52:17 CEST.

Flavor Version Tinstall Tcheck Ttotal Status Flags
r-devel-linux-x86_64-debian-clang 0.1.4.3 7.85 157.79 165.64 OK
r-devel-linux-x86_64-debian-gcc 0.1.4.3 6.90 111.86 118.76 OK
r-devel-linux-x86_64-fedora-clang 0.1.4.3 198.02 NOTE
r-devel-linux-x86_64-fedora-gcc 0.1.4.3 197.75 OK
r-devel-windows-x86_64 0.1.4.3 30.00 185.00 215.00 OK
r-patched-linux-x86_64 0.1.4.3 8.21 146.48 154.69 OK
r-release-linux-x86_64 0.1.4.3 7.94 146.48 154.42 OK
r-release-macos-arm64 0.1.4.3 69.00 NOTE
r-release-macos-x86_64 0.1.4.3 76.00 OK
r-release-windows-x86_64 0.1.4.3 31.00 188.00 219.00 OK
r-oldrel-macos-arm64 0.1.4.3 82.00 NOTE
r-oldrel-macos-x86_64 0.1.4.3 116.00 OK
r-oldrel-windows-ix86+x86_64 0.1.4.3 25.00 274.00 299.00 OK

Check Details

Version: 0.1.4.3
Check: Rd cross-references
Result: NOTE
    Undeclared packages ‘InvariantCausalPrediction’, ‘CompareCausalNetworks’ in Rd xrefs
Flavor: r-devel-linux-x86_64-fedora-clang

Version: 0.1.4.3
Check: package dependencies
Result: NOTE
    Package suggested but not available for checking: ‘pcalg’
Flavors: r-release-macos-arm64, r-oldrel-macos-arm64

Version: 0.1.4.3
Check: Rd cross-references
Result: NOTE
    Package unavailable to check Rd xrefs: ‘pcalg’
Flavors: r-release-macos-arm64, r-oldrel-macos-arm64