Last updated on 2024-03-28 09:51:36 CET.
Flavor | Version | Tinstall | Tcheck | Ttotal | Status | Flags |
---|---|---|---|---|---|---|
r-devel-linux-x86_64-debian-clang | 0.1.4.3 | 8.36 | 152.98 | 161.34 | OK | |
r-devel-linux-x86_64-debian-gcc | 0.1.4.3 | 6.85 | 111.71 | 118.56 | OK | |
r-devel-linux-x86_64-fedora-clang | 0.1.4.3 | 197.85 | NOTE | |||
r-devel-linux-x86_64-fedora-gcc | 0.1.4.3 | 201.32 | OK | |||
r-devel-windows-x86_64 | 0.1.4.3 | 11.00 | 125.00 | 136.00 | OK | |
r-patched-linux-x86_64 | 0.1.4.3 | 8.14 | 149.21 | 157.35 | OK | |
r-release-linux-x86_64 | 0.1.4.3 | 9.33 | 141.37 | 150.70 | OK | |
r-release-macos-arm64 | 0.1.4.3 | 68.00 | OK | |||
r-release-macos-x86_64 | 0.1.4.3 | 108.00 | OK | |||
r-release-windows-x86_64 | 0.1.4.3 | 13.00 | 169.00 | 182.00 | OK | |
r-oldrel-macos-arm64 | 0.1.4.3 | 69.00 | NOTE | |||
r-oldrel-windows-x86_64 | 0.1.4.3 | 12.00 | 169.00 | 181.00 | OK |
Version: 0.1.4.3
Check: Rd cross-references
Result: NOTE
Undeclared packages ‘InvariantCausalPrediction’, ‘CompareCausalNetworks’ in Rd xrefs
Flavor: r-devel-linux-x86_64-fedora-clang
Version: 0.1.4.3
Check: package dependencies
Result: NOTE
Package suggested but not available for checking: ‘pcalg’
Flavor: r-oldrel-macos-arm64
Version: 0.1.4.3
Check: Rd cross-references
Result: NOTE
Package unavailable to check Rd xrefs: ‘pcalg’
Flavor: r-oldrel-macos-arm64