CRAN Package Check Results for Package bacistool

Last updated on 2025-04-29 12:52:30 CEST.

Flavor Version Tinstall Tcheck Ttotal Status Flags
r-devel-linux-x86_64-debian-clang 1.0.0 2.62 24.92 27.54 NOTE
r-devel-linux-x86_64-debian-gcc 1.0.0 1.89 20.04 21.93 NOTE
r-devel-linux-x86_64-fedora-clang 1.0.0 43.44 OK
r-devel-linux-x86_64-fedora-gcc 1.0.0 42.06 OK
r-devel-windows-x86_64 1.0.0 3.00 50.00 53.00 OK
r-patched-linux-x86_64 1.0.0 2.67 24.64 27.31 OK
r-release-linux-x86_64 1.0.0 2.24 24.25 26.49 OK
r-release-macos-arm64 1.0.0 22.00 OK
r-release-macos-x86_64 1.0.0 36.00 OK
r-release-windows-x86_64 1.0.0 4.00 51.00 55.00 OK
r-oldrel-macos-arm64 1.0.0 22.00 NOTE
r-oldrel-macos-x86_64 1.0.0 37.00 NOTE
r-oldrel-windows-x86_64 1.0.0 3.00 52.00 55.00 NOTE

Check Details

Version: 1.0.0
Check: CRAN incoming feasibility
Result: NOTE Maintainer: ‘J. Jack Lee <jjlee@mdanderson.org>’ No Authors@R field in DESCRIPTION. Please add one, modifying Authors@R: c(person(given = "Nan", family = "Chen", role = "aut"), person(given = c("J.", "Jack"), family = "Lee", role = c("aut", "cre"), email = "jjlee@mdanderson.org")) as necessary. Flavors: r-devel-linux-x86_64-debian-clang, r-devel-linux-x86_64-debian-gcc

Version: 1.0.0
Check: LazyData
Result: NOTE 'LazyData' is specified without a 'data' directory Flavors: r-oldrel-macos-arm64, r-oldrel-macos-x86_64, r-oldrel-windows-x86_64