CRAN Package Check Results for Package babynames

Last updated on 2024-07-18 10:51:03 CEST.

Flavor Version Tinstall Tcheck Ttotal Status Flags
r-devel-linux-x86_64-debian-clang 1.0.1 40.30 50.90 91.20 OK
r-devel-linux-x86_64-debian-gcc 1.0.1 38.36 37.74 76.10 OK
r-devel-linux-x86_64-fedora-clang 1.0.1 122.47 NOTE
r-devel-windows-x86_64 1.0.1 40.00 59.00 99.00 NOTE
r-patched-linux-x86_64 1.0.1 41.76 48.64 90.40 OK
r-release-linux-x86_64 1.0.1 44.48 48.12 92.60 OK
r-release-macos-arm64 1.0.1 53.00 NOTE
r-release-macos-x86_64 1.0.1 71.00 NOTE
r-release-windows-x86_64 1.0.1 41.00 58.00 99.00 NOTE
r-oldrel-macos-arm64 1.0.1 55.00 NOTE
r-oldrel-macos-x86_64 1.0.1 78.00 NOTE
r-oldrel-windows-x86_64 1.0.1 49.00 60.00 109.00 NOTE

Check Details

Version: 1.0.1
Check: installed package size
Result: NOTE installed size is 5.4Mb sub-directories of 1Mb or more: data 5.3Mb Flavors: r-devel-linux-x86_64-fedora-clang, r-devel-windows-x86_64, r-release-macos-arm64, r-release-macos-x86_64, r-release-windows-x86_64, r-oldrel-macos-arm64, r-oldrel-macos-x86_64, r-oldrel-windows-x86_64