Last updated on 2023-09-23 11:50:11 CEST.
Flavor | Version | Tinstall | Tcheck | Ttotal | Status | Flags |
---|---|---|---|---|---|---|
r-devel-linux-x86_64-debian-clang | 1.0.1 | 40.11 | 50.17 | 90.28 | OK | |
r-devel-linux-x86_64-debian-gcc | 1.0.1 | 36.57 | 41.57 | 78.14 | OK | |
r-devel-linux-x86_64-fedora-clang | 1.0.1 | 119.91 | NOTE | |||
r-devel-linux-x86_64-fedora-gcc | 1.0.1 | 122.59 | OK | |||
r-devel-windows-x86_64 | 1.0.1 | 41.00 | 59.00 | 100.00 | NOTE | |
r-patched-linux-x86_64 | 1.0.1 | 40.22 | 47.80 | 88.02 | OK | |
r-release-linux-x86_64 | 1.0.1 | 39.07 | 49.03 | 88.10 | OK | |
r-release-macos-arm64 | 1.0.1 | 55.00 | NOTE | |||
r-release-macos-x86_64 | 1.0.1 | 78.00 | NOTE | |||
r-release-windows-x86_64 | 1.0.1 | 53.00 | 59.00 | 112.00 | NOTE | |
r-oldrel-macos-arm64 | 1.0.1 | 53.00 | NOTE | |||
r-oldrel-macos-x86_64 | 1.0.1 | 61.00 | NOTE | |||
r-oldrel-windows-x86_64 | 1.0.1 | 51.00 | 69.00 | 120.00 | NOTE |
Version: 1.0.1
Check: installed package size
Result: NOTE
installed size is 5.4Mb
sub-directories of 1Mb or more:
data 5.3Mb
Flavors: r-devel-linux-x86_64-fedora-clang, r-devel-windows-x86_64, r-release-macos-arm64, r-release-macos-x86_64, r-release-windows-x86_64, r-oldrel-macos-arm64, r-oldrel-macos-x86_64, r-oldrel-windows-x86_64