Last updated on 2024-08-16 12:49:04 CEST.
Flavor | Version | Tinstall | Tcheck | Ttotal | Status | Flags |
---|---|---|---|---|---|---|
r-devel-linux-x86_64-debian-clang | 2.0.0 | 33.13 | 262.67 | 295.80 | OK | |
r-devel-linux-x86_64-debian-gcc | 2.0.0 | 21.02 | 166.05 | 187.07 | OK | |
r-devel-linux-x86_64-fedora-clang | 2.0.0 | 475.15 | NOTE | |||
r-devel-linux-x86_64-fedora-gcc | 2.0.0 | 448.30 | NOTE | |||
r-devel-windows-x86_64 | 2.0.0 | 31.00 | 211.00 | 242.00 | OK | |
r-patched-linux-x86_64 | 2.0.0 | 25.25 | 239.29 | 264.54 | OK | |
r-release-linux-x86_64 | 2.0.0 | 28.45 | 242.90 | 271.35 | OK | |
r-release-macos-arm64 | 2.0.0 | 124.00 | OK | |||
r-release-macos-x86_64 | 2.0.0 | 210.00 | OK | |||
r-release-windows-x86_64 | 2.0.0 | 29.00 | 208.00 | 237.00 | OK | |
r-oldrel-macos-arm64 | 2.0.0 | 147.00 | OK | |||
r-oldrel-macos-x86_64 | 2.0.0 | 308.00 | OK | |||
r-oldrel-windows-x86_64 | 2.0.0 | 39.00 | 275.00 | 314.00 | OK |
Version: 2.0.0
Check: data for non-ASCII characters
Result: NOTE
Note: found 2487 marked UTF-8 strings
Flavors: r-devel-linux-x86_64-fedora-clang, r-devel-linux-x86_64-fedora-gcc