Last updated on 2024-04-23 10:53:57 CEST.
Flavor | Version | Tinstall | Tcheck | Ttotal | Status | Flags |
---|---|---|---|---|---|---|
r-devel-linux-x86_64-debian-clang | 1.0.5 | 19.91 | 185.43 | 205.34 | NOTE | |
r-devel-linux-x86_64-debian-gcc | 1.0.5 | 14.90 | 132.87 | 147.77 | NOTE | |
r-devel-linux-x86_64-fedora-clang | 1.0.5 | 247.39 | NOTE | |||
r-devel-linux-x86_64-fedora-gcc | 1.0.5 | 250.55 | NOTE | |||
r-prerel-macos-arm64 | 1.0.5 | 95.00 | NOTE | |||
r-prerel-windows-x86_64 | 1.0.5 | 27.00 | 269.00 | 296.00 | NOTE | |
r-patched-linux-x86_64 | 1.0.5 | 36.75 | 173.66 | 210.41 | NOTE | |
r-release-linux-x86_64 | 1.0.5 | 14.33 | 177.19 | 191.52 | NOTE | |
r-release-macos-arm64 | 1.0.5 | 73.00 | NOTE | |||
r-release-macos-x86_64 | 1.0.5 | 95.00 | NOTE | |||
r-release-windows-x86_64 | 1.0.5 | 31.00 | 310.00 | 341.00 | NOTE | |
r-oldrel-macos-arm64 | 1.0.5 | 50.00 | OK | |||
r-oldrel-windows-x86_64 | 1.0.5 | 29.00 | 192.00 | 221.00 | OK |
Version: 1.0.5
Check: Rd files
Result: NOTE
checkRd: (-1) ec2_create_security_group.Rd:66: Escaped LaTeX specials: \#
checkRd: (-1) ec2_create_security_group.Rd:66: Escaped LaTeX specials: \$
checkRd: (-1) ec2_create_security_group.Rd:79: Escaped LaTeX specials: \#
checkRd: (-1) ec2_create_security_group.Rd:79: Escaped LaTeX specials: \$
Flavors: r-devel-linux-x86_64-debian-clang, r-devel-linux-x86_64-debian-gcc, r-devel-linux-x86_64-fedora-clang, r-devel-linux-x86_64-fedora-gcc, r-prerel-macos-arm64, r-prerel-windows-x86_64, r-patched-linux-x86_64, r-release-linux-x86_64, r-release-macos-arm64, r-release-macos-x86_64, r-release-windows-x86_64