CRAN Package Check Results for Package aws.alexa

Last updated on 2022-06-27 11:50:37 CEST.

Flavor Version Tinstall Tcheck Ttotal Status Flags
r-devel-linux-x86_64-debian-clang 0.1.8 5.02 54.64 59.66 NOTE
r-devel-linux-x86_64-debian-gcc 0.1.8 4.26 40.66 44.92 NOTE
r-devel-linux-x86_64-fedora-clang 0.1.8 83.23 NOTE
r-devel-linux-x86_64-fedora-gcc 0.1.8 81.33 NOTE
r-devel-windows-x86_64 0.1.8 25.00 101.00 126.00 NOTE
r-patched-linux-x86_64 0.1.8 5.65 51.09 56.74 NOTE
r-release-linux-x86_64 0.1.8 5.57 51.02 56.59 NOTE
r-release-macos-arm64 0.1.8 27.00 NOTE
r-release-macos-x86_64 0.1.8 37.00 NOTE
r-release-windows-x86_64 0.1.8 30.00 102.00 132.00 NOTE
r-oldrel-macos-arm64 0.1.8 31.00 NOTE
r-oldrel-macos-x86_64 0.1.8 52.00 NOTE
r-oldrel-windows-ix86+x86_64 0.1.8 18.00 88.00 106.00 NOTE

Check Details

Version: 0.1.8
Check: LazyData
Result: NOTE
     'LazyData' is specified without a 'data' directory
Flavors: r-devel-linux-x86_64-debian-clang, r-devel-linux-x86_64-debian-gcc, r-devel-linux-x86_64-fedora-clang, r-devel-linux-x86_64-fedora-gcc, r-devel-windows-x86_64, r-patched-linux-x86_64, r-release-linux-x86_64, r-release-macos-arm64, r-release-macos-x86_64, r-release-windows-x86_64, r-oldrel-macos-arm64, r-oldrel-macos-x86_64, r-oldrel-windows-ix86+x86_64