CRAN Package Check Results for Package autoshiny

Last updated on 2022-07-06 12:53:29 CEST.

Flavor Version Tinstall Tcheck Ttotal Status Flags
r-devel-linux-x86_64-debian-clang 0.0.2 3.75 39.99 43.74 NOTE
r-devel-linux-x86_64-debian-gcc 0.0.2 3.04 31.51 34.55 NOTE
r-devel-linux-x86_64-fedora-clang 0.0.2 64.90 NOTE
r-devel-linux-x86_64-fedora-gcc 0.0.2 62.87 NOTE
r-devel-windows-x86_64 0.0.2 19.00 69.00 88.00 NOTE
r-patched-linux-x86_64 0.0.2 3.35 39.48 42.83 NOTE
r-release-linux-x86_64 0.0.2 4.17 39.47 43.64 NOTE
r-release-macos-arm64 0.0.2 21.00 NOTE
r-release-macos-x86_64 0.0.2 31.00 NOTE
r-release-windows-x86_64 0.0.2 21.00 72.00 93.00 NOTE
r-oldrel-macos-arm64 0.0.2 28.00 NOTE
r-oldrel-macos-x86_64 0.0.2 34.00 NOTE
r-oldrel-windows-ix86+x86_64 0.0.2 12.00 63.00 75.00 NOTE

Check Details

Version: 0.0.2
Check: LazyData
Result: NOTE
     'LazyData' is specified without a 'data' directory
Flavors: r-devel-linux-x86_64-debian-clang, r-devel-linux-x86_64-debian-gcc, r-devel-linux-x86_64-fedora-clang, r-devel-linux-x86_64-fedora-gcc, r-devel-windows-x86_64, r-patched-linux-x86_64, r-release-linux-x86_64, r-release-macos-arm64, r-release-macos-x86_64, r-release-windows-x86_64, r-oldrel-macos-arm64, r-oldrel-macos-x86_64, r-oldrel-windows-ix86+x86_64