Last updated on 2022-06-26 11:52:26 CEST.
Flavor | Version | Tinstall | Tcheck | Ttotal | Status | Flags |
---|---|---|---|---|---|---|
r-devel-linux-x86_64-debian-clang | 1.3.2 | 4.07 | 42.81 | 46.88 | NOTE | |
r-devel-linux-x86_64-debian-gcc | 1.3.2 | 3.74 | 32.57 | 36.31 | NOTE | |
r-devel-linux-x86_64-fedora-clang | 1.3.2 | 67.11 | NOTE | |||
r-devel-linux-x86_64-fedora-gcc | 1.3.2 | 66.87 | NOTE | |||
r-devel-windows-x86_64 | 1.3.2 | 17.00 | 68.00 | 85.00 | NOTE | |
r-patched-linux-x86_64 | 1.3.2 | 4.44 | 41.08 | 45.52 | NOTE | |
r-release-linux-x86_64 | 1.3.2 | 5.34 | 41.29 | 46.63 | NOTE | |
r-release-macos-arm64 | 1.3.2 | 22.00 | NOTE | |||
r-release-macos-x86_64 | 1.3.2 | 33.00 | NOTE | |||
r-release-windows-x86_64 | 1.3.2 | 9.00 | 72.00 | 81.00 | NOTE | |
r-oldrel-macos-arm64 | 1.3.2 | 25.00 | NOTE | |||
r-oldrel-macos-x86_64 | 1.3.2 | 41.00 | NOTE | |||
r-oldrel-windows-ix86+x86_64 | 1.3.2 | 9.00 | 55.00 | 64.00 | NOTE |
Version: 1.3.2
Check: LazyData
Result: NOTE
'LazyData' is specified without a 'data' directory
Flavors: r-devel-linux-x86_64-debian-clang, r-devel-linux-x86_64-debian-gcc, r-devel-linux-x86_64-fedora-clang, r-devel-linux-x86_64-fedora-gcc, r-devel-windows-x86_64, r-patched-linux-x86_64, r-release-linux-x86_64, r-release-macos-arm64, r-release-macos-x86_64, r-release-windows-x86_64, r-oldrel-macos-arm64, r-oldrel-macos-x86_64, r-oldrel-windows-ix86+x86_64