CRAN Package Check Results for Package automagic

Last updated on 2022-07-02 12:52:57 CEST.

Flavor Version Tinstall Tcheck Ttotal Status Flags
r-devel-linux-x86_64-debian-clang 0.5.1 2.12 24.57 26.69 NOTE
r-devel-linux-x86_64-debian-gcc 0.5.1 1.54 18.86 20.40 NOTE
r-devel-linux-x86_64-fedora-clang 0.5.1 43.56 NOTE
r-devel-linux-x86_64-fedora-gcc 0.5.1 42.43 NOTE
r-devel-windows-x86_64 0.5.1 14.00 49.00 63.00 NOTE
r-patched-linux-x86_64 0.5.1 2.44 23.57 26.01 NOTE
r-release-linux-x86_64 0.5.1 1.39 23.35 24.74 NOTE
r-release-macos-arm64 0.5.1 14.00 NOTE
r-release-macos-x86_64 0.5.1 22.00 NOTE
r-release-windows-x86_64 0.5.1 19.00 48.00 67.00 NOTE
r-oldrel-macos-arm64 0.5.1 22.00 NOTE
r-oldrel-macos-x86_64 0.5.1 24.00 NOTE
r-oldrel-windows-ix86+x86_64 0.5.1 7.00 41.00 48.00 NOTE

Check Details

Version: 0.5.1
Check: LazyData
Result: NOTE
     'LazyData' is specified without a 'data' directory
Flavors: r-devel-linux-x86_64-debian-clang, r-devel-linux-x86_64-debian-gcc, r-devel-linux-x86_64-fedora-clang, r-devel-linux-x86_64-fedora-gcc, r-devel-windows-x86_64, r-patched-linux-x86_64, r-release-linux-x86_64, r-release-macos-arm64, r-release-macos-x86_64, r-release-windows-x86_64, r-oldrel-macos-arm64, r-oldrel-macos-x86_64, r-oldrel-windows-ix86+x86_64