CRAN Package Check Results for Package autoTS

Last updated on 2022-06-28 12:52:17 CEST.

Flavor Version Tinstall Tcheck Ttotal Status Flags
r-devel-linux-x86_64-debian-clang 0.9.11 2.97 82.04 85.01 NOTE
r-devel-linux-x86_64-debian-gcc 0.9.11 2.76 61.34 64.10 NOTE
r-devel-linux-x86_64-fedora-clang 0.9.11 112.32 NOTE
r-devel-linux-x86_64-fedora-gcc 0.9.11 111.08 NOTE
r-devel-windows-x86_64 0.9.11 16.00 109.00 125.00 NOTE
r-patched-linux-x86_64 0.9.11 2.58 79.61 82.19 NOTE
r-release-linux-x86_64 0.9.11 2.28 77.12 79.40 NOTE
r-release-macos-arm64 0.9.11 34.00 NOTE
r-release-macos-x86_64 0.9.11 55.00 NOTE
r-release-windows-x86_64 0.9.11 20.00 112.00 132.00 NOTE
r-oldrel-macos-arm64 0.9.11 49.00 NOTE
r-oldrel-macos-x86_64 0.9.11 46.00 NOTE
r-oldrel-windows-ix86+x86_64 0.9.11 11.00 109.00 120.00 NOTE

Check Details

Version: 0.9.11
Check: LazyData
Result: NOTE
     'LazyData' is specified without a 'data' directory
Flavors: r-devel-linux-x86_64-debian-clang, r-devel-linux-x86_64-debian-gcc, r-devel-linux-x86_64-fedora-clang, r-devel-linux-x86_64-fedora-gcc, r-devel-windows-x86_64, r-patched-linux-x86_64, r-release-linux-x86_64, r-release-macos-arm64, r-release-macos-x86_64, r-release-windows-x86_64, r-oldrel-macos-arm64, r-oldrel-macos-x86_64, r-oldrel-windows-ix86+x86_64

Version: 0.9.11
Check: dependencies in R code
Result: NOTE
    Namespaces in Imports field not imported from:
     ‘plotly’ ‘shinycssloaders’
     All declared Imports should be used.
Flavors: r-devel-linux-x86_64-fedora-clang, r-devel-linux-x86_64-fedora-gcc, r-release-macos-arm64, r-release-macos-x86_64, r-oldrel-macos-arm64, r-oldrel-macos-x86_64