Last updated on 2024-04-18 12:52:37 CEST.
Flavor | Version | Tinstall | Tcheck | Ttotal | Status | Flags |
---|---|---|---|---|---|---|
r-devel-linux-x86_64-debian-clang | 0.9.1 | 61.63 | 510.51 | 572.14 | OK | |
r-devel-linux-x86_64-debian-gcc | 0.9.1 | 52.09 | 379.31 | 431.40 | OK | |
r-devel-linux-x86_64-fedora-clang | 0.9.1 | 779.90 | OK | |||
r-devel-linux-x86_64-fedora-gcc | 0.9.1 | 739.72 | OK | |||
r-prerel-macos-arm64 | 0.9.1 | 216.00 | OK | |||
r-prerel-macos-x86_64 | 0.9.1 | 388.00 | OK | |||
r-prerel-windows-x86_64 | 0.9.1 | 58.00 | 411.00 | 469.00 | OK | |
r-patched-linux-x86_64 | 0.9.1 | 59.00 | 483.94 | 542.94 | OK | |
r-release-linux-x86_64 | 0.9.1 | 51.24 | 497.17 | 548.41 | OK | |
r-release-macos-arm64 | 0.9.1 | 10.00 | ERROR | |||
r-release-macos-x86_64 | 0.9.1 | 6.00 | ERROR | |||
r-release-windows-x86_64 | 0.9.1 | 77.00 | 473.00 | 550.00 | OK | |
r-oldrel-macos-arm64 | 0.9.1 | 174.00 | OK | |||
r-oldrel-windows-x86_64 | 0.9.1 | 69.00 | 412.00 | 481.00 | OK |
Version: 0.9.1
Check: package dependencies
Result: ERROR
Package required but not available: ‘GSVA’
See section ‘The DESCRIPTION file’ in the ‘Writing R Extensions’
manual.
Flavors: r-release-macos-arm64, r-release-macos-x86_64