Last updated on 2024-04-24 11:20:44 CEST.
Flavor | Version | Tinstall | Tcheck | Ttotal | Status | Flags |
---|---|---|---|---|---|---|
r-devel-linux-x86_64-debian-clang | 1.4.3 | 79.06 | 126.52 | 205.58 | NOTE | |
r-devel-linux-x86_64-debian-gcc | 1.4.3 | 71.68 | 95.32 | 167.00 | NOTE | |
r-devel-linux-x86_64-fedora-clang | 1.4.3 | 259.55 | NOTE | |||
r-devel-linux-x86_64-fedora-gcc | 1.4.3 | 283.94 | NOTE | |||
r-devel-windows-x86_64 | 1.4.3 | 64.00 | 123.00 | 187.00 | NOTE | |
r-patched-linux-x86_64 | 1.4.3 | 92.06 | 124.30 | 216.36 | NOTE | |
r-release-linux-x86_64 | 1.4.3 | 86.96 | 126.13 | 213.09 | NOTE | |
r-release-macos-arm64 | 1.4.3 | 75.00 | NOTE | |||
r-release-windows-x86_64 | 1.4.3 | 65.00 | 125.00 | 190.00 | NOTE | |
r-oldrel-macos-arm64 | 1.4.3 | 69.00 | NOTE | |||
r-oldrel-macos-x86_64 | 1.4.3 | 124.00 | NOTE | |||
r-oldrel-windows-x86_64 | 1.4.3 | 80.00 | 140.00 | 220.00 | OK |
Version: 1.4.3
Check: C++ specification
Result: NOTE
Specified C++11: please drop specification unless essential
Flavors: r-devel-linux-x86_64-debian-clang, r-devel-linux-x86_64-debian-gcc, r-devel-linux-x86_64-fedora-clang, r-devel-linux-x86_64-fedora-gcc, r-devel-windows-x86_64, r-patched-linux-x86_64, r-release-linux-x86_64, r-release-macos-arm64, r-release-windows-x86_64, r-oldrel-macos-x86_64
Version: 1.4.3
Check: installed package size
Result: NOTE
installed size is 18.2Mb
sub-directories of 1Mb or more:
libs 18.0Mb
Flavors: r-release-macos-arm64, r-oldrel-macos-arm64, r-oldrel-macos-x86_64