Last updated on 2023-02-01 13:53:10 CET.
Flavor | Version | Tinstall | Tcheck | Ttotal | Status | Flags |
---|---|---|---|---|---|---|
r-devel-linux-x86_64-debian-clang | 1.4.3 | 74.72 | 142.59 | 217.31 | NOTE | |
r-devel-linux-x86_64-debian-gcc | 1.4.3 | 58.84 | 106.53 | 165.37 | NOTE | |
r-devel-linux-x86_64-fedora-clang | 1.4.3 | 272.64 | NOTE | |||
r-devel-linux-x86_64-fedora-gcc | 1.4.3 | 265.96 | NOTE | |||
r-devel-windows-x86_64 | 1.4.3 | 78.00 | 195.00 | 273.00 | NOTE | |
r-patched-linux-x86_64 | 1.4.3 | 62.36 | 130.31 | 192.67 | OK | |
r-release-linux-x86_64 | 1.4.3 | 56.88 | 136.45 | 193.33 | OK | |
r-release-macos-arm64 | 1.4.3 | 69.00 | NOTE | |||
r-release-macos-x86_64 | 1.4.3 | 118.00 | NOTE | |||
r-release-windows-x86_64 | 1.4.3 | 145.00 | 188.00 | 333.00 | OK | |
r-oldrel-macos-arm64 | 1.4.3 | 82.00 | NOTE | |||
r-oldrel-macos-x86_64 | 1.4.3 | 103.00 | NOTE | |||
r-oldrel-windows-ix86+x86_64 | 1.4.3 | 150.00 | 210.00 | 360.00 | OK |
Version: 1.4.3
Check: C++ specification
Result: NOTE
Specified C++11: please update to current default of C++17
Flavors: r-devel-linux-x86_64-debian-clang, r-devel-linux-x86_64-debian-gcc, r-devel-linux-x86_64-fedora-clang, r-devel-linux-x86_64-fedora-gcc, r-devel-windows-x86_64
Version: 1.4.3
Check: installed package size
Result: NOTE
installed size is 18.3Mb
sub-directories of 1Mb or more:
libs 18.0Mb
Flavors: r-release-macos-arm64, r-release-macos-x86_64, r-oldrel-macos-arm64, r-oldrel-macos-x86_64