Last updated on 2024-03-28 09:51:36 CET.
Flavor | Version | Tinstall | Tcheck | Ttotal | Status | Flags |
---|---|---|---|---|---|---|
r-devel-linux-x86_64-debian-clang | 1.0.0 | 3.59 | 47.61 | 51.20 | OK | |
r-devel-linux-x86_64-debian-gcc | 1.0.0 | 3.26 | 37.00 | 40.26 | OK | |
r-devel-linux-x86_64-fedora-clang | 1.0.0 | 68.58 | NOTE | |||
r-devel-linux-x86_64-fedora-gcc | 1.0.0 | 77.50 | NOTE | |||
r-devel-windows-x86_64 | 1.0.0 | 6.00 | 58.00 | 64.00 | OK | |
r-patched-linux-x86_64 | 1.0.0 | 3.66 | 47.46 | 51.12 | OK | |
r-release-linux-x86_64 | 1.0.0 | 4.29 | 44.53 | 48.82 | OK | |
r-release-macos-arm64 | 1.0.0 | 29.00 | OK | |||
r-release-macos-x86_64 | 1.0.0 | 46.00 | OK | |||
r-release-windows-x86_64 | 1.0.0 | 6.00 | 63.00 | 69.00 | OK | |
r-oldrel-macos-arm64 | 1.0.0 | 25.00 | NOTE | |||
r-oldrel-windows-x86_64 | 1.0.0 | 6.00 | 66.00 | 72.00 | OK |
Version: 1.0.0
Check: dependencies in R code
Result: NOTE
Namespace in Imports field not imported from: ‘tidyr’
All declared Imports should be used.
Flavors: r-devel-linux-x86_64-fedora-clang, r-devel-linux-x86_64-fedora-gcc, r-oldrel-macos-arm64