CRAN Package Check Results for Package auctestr

Last updated on 2023-09-30 11:51:34 CEST.

Flavor Version Tinstall Tcheck Ttotal Status Flags
r-devel-linux-x86_64-debian-clang 1.0.0 4.58 47.70 52.28 OK
r-devel-linux-x86_64-debian-gcc 1.0.0 4.06 36.04 40.10 OK
r-devel-linux-x86_64-fedora-clang 1.0.0 63.85 NOTE
r-devel-linux-x86_64-fedora-gcc 1.0.0 76.79 NOTE
r-devel-windows-x86_64 1.0.0 5.00 57.00 62.00 OK
r-patched-linux-x86_64 1.0.0 4.67 44.47 49.14 OK
r-release-linux-x86_64 1.0.0 3.52 44.84 48.36 OK
r-release-macos-arm64 1.0.0 29.00 OK
r-release-macos-x86_64 1.0.0 46.00 OK
r-release-windows-x86_64 1.0.0 6.00 62.00 68.00 OK
r-oldrel-macos-arm64 1.0.0 25.00 NOTE
r-oldrel-macos-x86_64 1.0.0 47.00 NOTE
r-oldrel-windows-x86_64 1.0.0 8.00 65.00 73.00 OK

Check Details

Version: 1.0.0
Check: dependencies in R code
Result: NOTE
    Namespace in Imports field not imported from: ‘tidyr’
     All declared Imports should be used.
Flavors: r-devel-linux-x86_64-fedora-clang, r-devel-linux-x86_64-fedora-gcc, r-oldrel-macos-arm64, r-oldrel-macos-x86_64