CRAN Package Check Results for Package attempt

Last updated on 2022-06-25 10:52:57 CEST.

Flavor Version Tinstall Tcheck Ttotal Status Flags
r-devel-linux-x86_64-debian-clang 0.3.1 2.88 38.29 41.17 NOTE
r-devel-linux-x86_64-debian-gcc 0.3.1 2.03 29.76 31.79 NOTE
r-devel-linux-x86_64-fedora-clang 0.3.1 59.54 NOTE
r-devel-linux-x86_64-fedora-gcc 0.3.1 58.06 NOTE
r-devel-windows-x86_64 0.3.1 23.00 75.00 98.00 NOTE
r-patched-linux-x86_64 0.3.1 3.05 36.79 39.84 NOTE
r-release-linux-x86_64 0.3.1 2.46 36.53 38.99 NOTE
r-release-macos-arm64 0.3.1 22.00 NOTE
r-release-macos-x86_64 0.3.1 34.00 NOTE
r-release-windows-x86_64 0.3.1 20.00 73.00 93.00 NOTE
r-oldrel-macos-arm64 0.3.1 24.00 NOTE
r-oldrel-macos-x86_64 0.3.1 38.00 NOTE
r-oldrel-windows-ix86+x86_64 0.3.1 8.00 61.00 69.00 NOTE

Check Details

Version: 0.3.1
Check: LazyData
Result: NOTE
     'LazyData' is specified without a 'data' directory
Flavors: r-devel-linux-x86_64-debian-clang, r-devel-linux-x86_64-debian-gcc, r-devel-linux-x86_64-fedora-clang, r-devel-linux-x86_64-fedora-gcc, r-devel-windows-x86_64, r-patched-linux-x86_64, r-release-linux-x86_64, r-release-macos-arm64, r-release-macos-x86_64, r-release-windows-x86_64, r-oldrel-macos-arm64, r-oldrel-macos-x86_64, r-oldrel-windows-ix86+x86_64