CRAN Package Check Results for Package atable

Last updated on 2024-04-12 12:53:22 CEST.

Flavor Version Tinstall Tcheck Ttotal Status Flags
r-devel-linux-x86_64-debian-clang 0.1.14 4.21 133.20 137.41 NOTE
r-devel-linux-x86_64-debian-gcc 0.1.14 3.73 96.22 99.95 NOTE
r-devel-linux-x86_64-fedora-clang 0.1.14 161.78 NOTE
r-devel-linux-x86_64-fedora-gcc 0.1.14 172.53 NOTE
r-devel-windows-x86_64 0.1.14 7.00 147.00 154.00 NOTE
r-patched-linux-x86_64 0.1.14 5.50 124.63 130.13 NOTE
r-release-linux-x86_64 0.1.14 5.24 121.99 127.23 OK
r-release-macos-arm64 0.1.14 64.00 OK
r-release-macos-x86_64 0.1.14 157.00 OK
r-release-windows-x86_64 0.1.14 8.00 161.00 169.00 OK
r-oldrel-macos-arm64 0.1.14 52.00 OK
r-oldrel-windows-x86_64 0.1.14 8.00 158.00 166.00 OK

Check Details

Version: 0.1.14
Check: Rd files
Result: NOTE checkRd: (-1) atable.Rd:44-46: Lost braces in \itemize; meant \describe ? checkRd: (-1) atable.Rd:48: Lost braces in \itemize; meant \describe ? checkRd: (-1) atable.Rd:50: Lost braces in \itemize; meant \describe ? checkRd: (-1) atable.Rd:52-54: Lost braces in \itemize; meant \describe ? checkRd: (-1) atable.Rd:56: Lost braces in \itemize; meant \describe ? checkRd: (-1) atable.Rd:58: Lost braces in \itemize; meant \describe ? checkRd: (-1) atable.Rd:61-63: Lost braces in \itemize; meant \describe ? checkRd: (-1) atable.Rd:65: Lost braces in \itemize; meant \describe ? checkRd: (-1) atable.Rd:67: Lost braces in \itemize; meant \describe ? checkRd: (-1) atable.Rd:69-71: Lost braces in \itemize; meant \describe ? checkRd: (-1) atable.Rd:73: Lost braces in \itemize; meant \describe ? checkRd: (-1) atable.Rd:75-77: Lost braces in \itemize; meant \describe ? checkRd: (-1) atable.Rd:79: Lost braces in \itemize; meant \describe ? checkRd: (-1) atable.Rd:150-164: Lost braces in \itemize; \value handles \item{}{} directly checkRd: (-1) atable.Rd:156-159: Lost braces in \itemize; \value handles \item{}{} directly checkRd: (-1) atable.Rd:161-163: Lost braces in \itemize; \value handles \item{}{} directly checkRd: (-1) atable.Rd:165-175: Lost braces in \itemize; \value handles \item{}{} directly checkRd: (-1) atable.Rd:176-177: Lost braces in \itemize; \value handles \item{}{} directly checkRd: (-1) atable.Rd:178-179: Lost braces in \itemize; \value handles \item{}{} directly checkRd: (-1) atable.Rd:180-181: Lost braces in \itemize; \value handles \item{}{} directly checkRd: (-1) atable_options.Rd:24-25: Lost braces in \itemize; meant \describe ? checkRd: (-1) atable_options.Rd:27-28: Lost braces in \itemize; meant \describe ? checkRd: (-1) atable_options.Rd:30-32: Lost braces in \itemize; meant \describe ? checkRd: (-1) atable_options.Rd:34-37: Lost braces in \itemize; meant \describe ? checkRd: (-1) atable_options.Rd:39-42: Lost braces in \itemize; meant \describe ? checkRd: (-1) atable_options.Rd:44-47: Lost braces in \itemize; meant \describe ? checkRd: (-1) atable_options.Rd:49-52: Lost braces in \itemize; meant \describe ? checkRd: (-1) atable_options.Rd:54-56: Lost braces in \itemize; meant \describe ? checkRd: (-1) atable_options.Rd:58-60: Lost braces in \itemize; meant \describe ? checkRd: (-1) atable_options.Rd:62-63: Lost braces in \itemize; meant \describe ? checkRd: (-1) atable_options.Rd:65-67: Lost braces in \itemize; meant \describe ? checkRd: (-1) atable_options.Rd:69-71: Lost braces in \itemize; meant \describe ? checkRd: (-1) atable_options.Rd:73-74: Lost braces in \itemize; meant \describe ? checkRd: (-1) atable_options.Rd:76-78: Lost braces in \itemize; meant \describe ? checkRd: (-1) atable_options.Rd:80: Lost braces in \itemize; meant \describe ? checkRd: (-1) atable_options.Rd:82: Lost braces in \itemize; meant \describe ? checkRd: (-1) atable_options.Rd:84-86: Lost braces in \itemize; meant \describe ? checkRd: (-1) atable_options.Rd:88: Lost braces in \itemize; meant \describe ? checkRd: (-1) atable_options.Rd:90: Lost braces in \itemize; meant \describe ? checkRd: (-1) atable_options.Rd:93-95: Lost braces in \itemize; meant \describe ? checkRd: (-1) atable_options.Rd:97: Lost braces in \itemize; meant \describe ? checkRd: (-1) atable_options.Rd:99: Lost braces in \itemize; meant \describe ? checkRd: (-1) atable_options.Rd:101-103: Lost braces in \itemize; meant \describe ? checkRd: (-1) atable_options.Rd:105: Lost braces in \itemize; meant \describe ? checkRd: (-1) atable_options.Rd:107-110: Lost braces in \itemize; meant \describe ? checkRd: (-1) atable_options.Rd:112: Lost braces in \itemize; meant \describe ? checkRd: (-1) atable_options.Rd:116-117: Lost braces in \itemize; meant \describe ? checkRd: (-1) atable_options.Rd:119-120: Lost braces in \itemize; meant \describe ? checkRd: (-1) atable_options.Rd:122-124: Lost braces in \itemize; meant \describe ? checkRd: (-1) atable_options.Rd:126-127: Lost braces in \itemize; meant \describe ? checkRd: (-1) atable_options.Rd:129-131: Lost braces in \itemize; meant \describe ? checkRd: (-1) atable_options.Rd:133-134: Lost braces in \itemize; meant \describe ? checkRd: (-1) atable_options.Rd:136-138: Lost braces in \itemize; meant \describe ? checkRd: (-1) atable_options.Rd:140-141: Lost braces in \itemize; meant \describe ? checkRd: (-1) atable_options.Rd:143-144: Lost braces in \itemize; meant \describe ? checkRd: (-1) atable_options.Rd:146: Lost braces in \itemize; meant \describe ? checkRd: (-1) atable_options.Rd:148-149: Lost braces in \itemize; meant \describe ? checkRd: (-1) atable_options.Rd:151-152: Lost braces in \itemize; meant \describe ? checkRd: (-1) atable_options.Rd:154-155: Lost braces in \itemize; meant \describe ? checkRd: (-1) atable_options.Rd:157-158: Lost braces in \itemize; meant \describe ? Flavors: r-devel-linux-x86_64-debian-clang, r-devel-linux-x86_64-debian-gcc, r-devel-linux-x86_64-fedora-clang, r-devel-linux-x86_64-fedora-gcc, r-devel-windows-x86_64, r-patched-linux-x86_64