CRAN Package Check Results for Package assertive.matrices

Last updated on 2022-06-28 12:52:17 CEST.

Flavor Version Tinstall Tcheck Ttotal Status Flags
r-devel-linux-x86_64-debian-clang 0.0-2 2.09 24.40 26.49 NOTE
r-devel-linux-x86_64-debian-gcc 0.0-2 1.66 19.27 20.93 NOTE
r-devel-linux-x86_64-fedora-clang 0.0-2 43.31 NOTE
r-devel-linux-x86_64-fedora-gcc 0.0-2 42.80 NOTE
r-devel-windows-x86_64 0.0-2 34.00 49.00 83.00 NOTE
r-patched-linux-x86_64 0.0-2 2.25 24.54 26.79 NOTE
r-release-linux-x86_64 0.0-2 2.18 24.44 26.62 NOTE
r-release-macos-arm64 0.0-2 18.00 NOTE
r-release-macos-x86_64 0.0-2 23.00 NOTE
r-release-windows-x86_64 0.0-2 59.00 50.00 109.00 NOTE
r-oldrel-macos-arm64 0.0-2 18.00 NOTE
r-oldrel-macos-x86_64 0.0-2 27.00 NOTE
r-oldrel-windows-ix86+x86_64 0.0-2 5.00 42.00 47.00 NOTE

Check Details

Version: 0.0-2
Check: LazyData
Result: NOTE
     'LazyData' is specified without a 'data' directory
Flavors: r-devel-linux-x86_64-debian-clang, r-devel-linux-x86_64-debian-gcc, r-devel-linux-x86_64-fedora-clang, r-devel-linux-x86_64-fedora-gcc, r-devel-windows-x86_64, r-patched-linux-x86_64, r-release-linux-x86_64, r-release-macos-arm64, r-release-macos-x86_64, r-release-windows-x86_64, r-oldrel-macos-arm64, r-oldrel-macos-x86_64, r-oldrel-windows-ix86+x86_64